Last updated on 2024-08-18 04:48:19 CEST.
Flavor | Version | Tinstall | Tcheck | Ttotal | Status | Flags |
---|---|---|---|---|---|---|
r-devel-linux-x86_64-debian-clang | 1.3 | 11.30 | 86.98 | 98.28 | OK | |
r-devel-linux-x86_64-debian-gcc | 1.3 | 6.14 | 59.66 | 65.80 | OK | |
r-devel-linux-x86_64-fedora-clang | 1.3 | 159.60 | OK | |||
r-devel-linux-x86_64-fedora-gcc | 1.3 | 163.36 | OK | |||
r-devel-windows-x86_64 | 1.3 | 16.00 | 149.00 | 165.00 | OK | |
r-patched-linux-x86_64 | 1.3 | 11.42 | 82.78 | 94.20 | OK | |
r-release-linux-x86_64 | 1.3 | 10.94 | 81.91 | 92.85 | OK | |
r-release-macos-arm64 | 1.3 | 50.00 | OK | |||
r-release-macos-x86_64 | 1.3 | 83.00 | OK | |||
r-release-windows-x86_64 | 1.3 | 14.00 | 148.00 | 162.00 | OK | |
r-oldrel-macos-arm64 | 1.3 | 72.00 | NOTE | |||
r-oldrel-macos-x86_64 | 1.3 | 152.00 | OK | |||
r-oldrel-windows-x86_64 | 1.3 | 18.00 | 157.00 | 175.00 | OK |
Version: 1.3
Check: package dependencies
Result: NOTE
Package suggested but not available for checking: ‘snpStats’
Flavor: r-oldrel-macos-arm64