Last updated on 2024-08-17 05:49:29 CEST.
Flavor | Version | Tinstall | Tcheck | Ttotal | Status | Flags |
---|---|---|---|---|---|---|
r-devel-linux-x86_64-debian-clang | 1.0 | 1.88 | 21.92 | 23.80 | NOTE | |
r-devel-linux-x86_64-debian-gcc | 1.0 | 1.49 | 18.21 | 19.70 | NOTE | |
r-devel-linux-x86_64-fedora-clang | 1.0 | 39.00 | NOTE | |||
r-devel-linux-x86_64-fedora-gcc | 1.0 | 37.77 | NOTE | |||
r-devel-windows-x86_64 | 1.0 | 3.00 | 55.00 | 58.00 | NOTE | |
r-patched-linux-x86_64 | 1.0 | 1.90 | 20.72 | 22.62 | NOTE | |
r-release-linux-x86_64 | 1.0 | 1.67 | 21.05 | 22.72 | NOTE | |
r-release-macos-arm64 | 1.0 | 17.00 | NOTE | |||
r-release-macos-x86_64 | 1.0 | 24.00 | NOTE | |||
r-release-windows-x86_64 | 1.0 | 2.00 | 47.00 | 49.00 | NOTE | |
r-oldrel-macos-arm64 | 1.0 | 18.00 | NOTE | |||
r-oldrel-macos-x86_64 | 1.0 | 23.00 | NOTE | |||
r-oldrel-windows-x86_64 | 1.0 | 3.00 | 48.00 | 51.00 | NOTE |
Version: 1.0
Check: package dependencies
Result: NOTE
Package suggested but not available for checking: ‘PythonInR’
Flavors: r-devel-linux-x86_64-debian-clang, r-devel-linux-x86_64-debian-gcc, r-devel-linux-x86_64-fedora-clang, r-devel-linux-x86_64-fedora-gcc, r-devel-windows-x86_64, r-patched-linux-x86_64, r-release-linux-x86_64, r-release-macos-arm64, r-release-macos-x86_64, r-release-windows-x86_64, r-oldrel-macos-arm64, r-oldrel-macos-x86_64, r-oldrel-windows-x86_64