CRAN Package Check Results for Package paws.machine.learning

Last updated on 2025-04-14 04:51:53 CEST.

Flavor Version Tinstall Tcheck Ttotal Status Flags
r-devel-linux-x86_64-debian-clang 0.9.0 169.90 292.53 462.43 OK
r-devel-linux-x86_64-debian-gcc 0.9.0 88.19 191.33 279.52 OK
r-devel-linux-x86_64-fedora-clang 0.9.0 782.85 OK
r-devel-linux-x86_64-fedora-gcc 0.9.0 677.37 OK
r-devel-macos-arm64 0.9.0 185.00 OK
r-devel-macos-x86_64 0.9.0 374.00 OK
r-devel-windows-x86_64 0.9.0 149.00 528.00 677.00 OK
r-patched-linux-x86_64 0.9.0 179.49 280.95 460.44 OK
r-release-linux-x86_64 0.9.0 147.86 283.17 431.03 OK
r-release-macos-arm64 0.9.0 161.00 NOTE
r-release-macos-x86_64 0.9.0 322.00 NOTE
r-release-windows-x86_64 0.9.0 213.00 562.00 775.00 NOTE
r-oldrel-macos-arm64 0.9.0 158.00 NOTE
r-oldrel-macos-x86_64 0.9.0 303.00 NOTE
r-oldrel-windows-x86_64 0.9.0 192.00 531.00 723.00 NOTE

Check Details

Version: 0.9.0
Check: installed package size
Result: NOTE installed size is 8.0Mb sub-directories of 1Mb or more: R 4.1Mb help 3.8Mb Flavors: r-release-macos-arm64, r-release-macos-x86_64, r-release-windows-x86_64, r-oldrel-macos-arm64, r-oldrel-macos-x86_64, r-oldrel-windows-x86_64