Last updated on 2024-08-17 05:49:29 CEST.
Flavor | Version | Tinstall | Tcheck | Ttotal | Status | Flags |
---|---|---|---|---|---|---|
r-devel-linux-x86_64-debian-clang | 0.1.3 | 17.03 | 139.56 | 156.59 | OK | |
r-devel-linux-x86_64-debian-gcc | 0.1.3 | 12.46 | 100.59 | 113.05 | OK | |
r-devel-linux-x86_64-fedora-clang | 0.1.3 | 258.80 | NOTE | |||
r-devel-linux-x86_64-fedora-gcc | 0.1.3 | 253.85 | NOTE | |||
r-devel-windows-x86_64 | 0.1.3 | 19.00 | 133.00 | 152.00 | OK | |
r-patched-linux-x86_64 | 0.1.3 | 14.31 | 134.02 | 148.33 | OK | |
r-release-linux-x86_64 | 0.1.3 | 14.43 | 133.55 | 147.98 | OK | |
r-release-macos-arm64 | 0.1.3 | 70.00 | OK | |||
r-release-macos-x86_64 | 0.1.3 | 110.00 | OK | |||
r-release-windows-x86_64 | 0.1.3 | 20.00 | 130.00 | 150.00 | OK | |
r-oldrel-macos-arm64 | 0.1.3 | 73.00 | OK | |||
r-oldrel-macos-x86_64 | 0.1.3 | 125.00 | OK | |||
r-oldrel-windows-x86_64 | 0.1.3 | 23.00 | 163.00 | 186.00 | OK |
Version: 0.1.3
Check: dependencies in R code
Result: NOTE
Namespaces in Imports field not imported from:
‘clusterProfiler’ ‘purrr’
All declared Imports should be used.
Flavors: r-devel-linux-x86_64-fedora-clang, r-devel-linux-x86_64-fedora-gcc