Last updated on 2024-07-18 04:50:21 CEST.
Flavor | Version | Tinstall | Tcheck | Ttotal | Status | Flags |
---|---|---|---|---|---|---|
r-devel-linux-x86_64-debian-clang | 0.6.5 | 40.96 | 96.31 | 137.27 | NOTE | |
r-devel-linux-x86_64-debian-gcc | 0.6.5 | 24.71 | 71.34 | 96.05 | NOTE | |
r-devel-linux-x86_64-fedora-clang | 0.6.5 | 167.93 | NOTE | |||
r-devel-linux-x86_64-fedora-gcc | 0.6.5 | 173.88 | NOTE | |||
r-devel-windows-x86_64 | 0.6.5 | 34.00 | 126.00 | 160.00 | NOTE | |
r-patched-linux-x86_64 | 0.6.5 | 32.21 | 93.18 | 125.39 | NOTE | |
r-release-linux-x86_64 | 0.6.5 | 32.86 | 93.50 | 126.36 | NOTE | |
r-release-macos-arm64 | 0.6.5 | 58.00 | NOTE | |||
r-release-macos-x86_64 | 0.6.5 | 79.00 | NOTE | |||
r-release-windows-x86_64 | 0.6.5 | 34.00 | 128.00 | 162.00 | NOTE | |
r-oldrel-macos-arm64 | 0.6.5 | 60.00 | OK | |||
r-oldrel-macos-x86_64 | 0.6.5 | 93.00 | OK | |||
r-oldrel-windows-x86_64 | 0.6.5 | 41.00 | 145.00 | 186.00 | OK |
Version: 0.6.5
Check: Rd files
Result: NOTE
checkRd: (-1) Pandoc.convert.Rd:42: Lost braces
42 | Calling John MacFarlane's great program to convert specified file (see \code{f} parameter below) or character vector {see \code{text} paramater} to other formats like \code{HTML}, \code{pdf}, \code{docx}, \code{odt} etc.
| ^
Flavors: r-devel-linux-x86_64-debian-clang, r-devel-linux-x86_64-debian-gcc, r-devel-linux-x86_64-fedora-clang, r-devel-linux-x86_64-fedora-gcc, r-devel-windows-x86_64, r-patched-linux-x86_64, r-release-linux-x86_64, r-release-macos-arm64, r-release-macos-x86_64, r-release-windows-x86_64