Last updated on 2024-08-17 05:49:29 CEST.
Flavor | Version | Tinstall | Tcheck | Ttotal | Status | Flags |
---|---|---|---|---|---|---|
r-devel-linux-x86_64-debian-clang | 0.7.2 | 147.36 | 42.41 | 189.77 | OK | |
r-devel-linux-x86_64-debian-gcc | 0.7.2 | 115.83 | 29.93 | 145.76 | OK | |
r-devel-linux-x86_64-fedora-clang | 0.7.2 | 315.00 | NOTE | |||
r-devel-linux-x86_64-fedora-gcc | 0.7.2 | 348.16 | OK | |||
r-devel-windows-x86_64 | 0.7.2 | 385.00 | 69.00 | 454.00 | NOTE | |
r-patched-linux-x86_64 | 0.7.2 | 153.25 | 40.07 | 193.32 | OK | |
r-release-linux-x86_64 | 0.7.2 | 151.28 | 40.53 | 191.81 | OK | |
r-release-macos-arm64 | 0.7.2 | 101.00 | NOTE | |||
r-release-macos-x86_64 | 0.7.2 | 157.00 | NOTE | |||
r-release-windows-x86_64 | 0.7.2 | 415.00 | 66.00 | 481.00 | NOTE | |
r-oldrel-macos-arm64 | 0.7.2 | 130.00 | NOTE | |||
r-oldrel-macos-x86_64 | 0.7.2 | 291.00 | NOTE | |||
r-oldrel-windows-x86_64 | 0.7.2 | 396.00 | 74.00 | 470.00 | NOTE |
Version: 0.7.2
Check: installed package size
Result: NOTE
installed size is 7.9Mb
sub-directories of 1Mb or more:
library 7.1Mb
Flavors: r-devel-linux-x86_64-fedora-clang, r-devel-windows-x86_64, r-release-macos-arm64, r-release-macos-x86_64, r-release-windows-x86_64, r-oldrel-macos-arm64, r-oldrel-macos-x86_64, r-oldrel-windows-x86_64