CRAN Package Check Results for Package owdbr

Last updated on 2025-02-04 05:50:26 CET.

Flavor Version Tinstall Tcheck Ttotal Status Flags
r-devel-linux-x86_64-debian-clang 1.0.1.1 3.52 28.24 31.76 OK
r-devel-linux-x86_64-debian-gcc 1.0.1.1 2.33 21.47 23.80 OK
r-devel-linux-x86_64-fedora-clang 1.0.1.1 50.73 OK
r-devel-linux-x86_64-fedora-gcc 1.0.1.1 47.39 OK
r-devel-windows-x86_64 1.0.1.1 5.00 49.00 54.00 OK
r-patched-linux-x86_64 1.0.1.1 2.74 26.83 29.57 NOTE
r-release-linux-x86_64 1.0.1.1 2.88 26.84 29.72 NOTE
r-release-macos-arm64 1.0.1.1 20.00 NOTE
r-release-macos-x86_64 1.0.1.1 27.00 NOTE
r-release-windows-x86_64 1.0.1.1 4.00 49.00 53.00 NOTE
r-oldrel-macos-arm64 1.0.1.1 21.00 NOTE
r-oldrel-macos-x86_64 1.0.1.1 30.00 NOTE
r-oldrel-windows-x86_64 1.0.1.1 6.00 54.00 60.00 NOTE

Check Details

Version: 1.0.1.1
Check: LazyData
Result: NOTE 'LazyData' is specified without a 'data' directory Flavors: r-patched-linux-x86_64, r-release-linux-x86_64, r-release-macos-arm64, r-release-macos-x86_64, r-release-windows-x86_64, r-oldrel-macos-arm64, r-oldrel-macos-x86_64, r-oldrel-windows-x86_64