Last updated on 2024-08-17 05:49:29 CEST.
Flavor | Version | Tinstall | Tcheck | Ttotal | Status | Flags |
---|---|---|---|---|---|---|
r-devel-linux-x86_64-debian-clang | 1.0.1.1 | 3.51 | 28.67 | 32.18 | NOTE | |
r-devel-linux-x86_64-debian-gcc | 1.0.1.1 | 2.35 | 21.74 | 24.09 | NOTE | |
r-devel-linux-x86_64-fedora-clang | 1.0.1.1 | 50.81 | NOTE | |||
r-devel-linux-x86_64-fedora-gcc | 1.0.1.1 | 48.11 | NOTE | |||
r-devel-windows-x86_64 | 1.0.1.1 | 5.00 | 48.00 | 53.00 | NOTE | |
r-patched-linux-x86_64 | 1.0.1.1 | 2.81 | 27.07 | 29.88 | NOTE | |
r-release-linux-x86_64 | 1.0.1.1 | 3.33 | 27.25 | 30.58 | NOTE | |
r-release-macos-arm64 | 1.0.1.1 | 20.00 | NOTE | |||
r-release-macos-x86_64 | 1.0.1.1 | 27.00 | NOTE | |||
r-release-windows-x86_64 | 1.0.1.1 | 6.00 | 49.00 | 55.00 | NOTE | |
r-oldrel-macos-arm64 | 1.0.1.1 | 21.00 | NOTE | |||
r-oldrel-macos-x86_64 | 1.0.1.1 | 30.00 | NOTE | |||
r-oldrel-windows-x86_64 | 1.0.1.1 | 7.00 | 53.00 | 60.00 | NOTE |
Version: 1.0.1.1
Check: LazyData
Result: NOTE
'LazyData' is specified without a 'data' directory
Flavors: r-devel-linux-x86_64-debian-clang, r-devel-linux-x86_64-debian-gcc, r-devel-linux-x86_64-fedora-clang, r-devel-linux-x86_64-fedora-gcc, r-devel-windows-x86_64, r-patched-linux-x86_64, r-release-linux-x86_64, r-release-macos-arm64, r-release-macos-x86_64, r-release-windows-x86_64, r-oldrel-macos-arm64, r-oldrel-macos-x86_64, r-oldrel-windows-x86_64