Last updated on 2025-02-10 03:49:26 CET.
Flavor | Version | Tinstall | Tcheck | Ttotal | Status | Flags |
---|---|---|---|---|---|---|
r-devel-linux-x86_64-debian-clang | 1.1.1 | 8.23 | 94.29 | 102.52 | OK | --no-vignettes |
r-devel-linux-x86_64-debian-gcc | 1.1.1 | 5.83 | 65.41 | 71.24 | OK | --no-vignettes |
r-devel-linux-x86_64-fedora-clang | 1.1.1 | 815.88 | OK | |||
r-devel-linux-x86_64-fedora-gcc | 1.1.1 | 968.50 | OK | |||
r-devel-windows-x86_64 | 1.1.1 | 9.00 | 476.00 | 485.00 | OK | |
r-patched-linux-x86_64 | 1.1.1 | 7.84 | 89.22 | 97.06 | OK | --no-vignettes |
r-release-linux-x86_64 | 1.1.1 | 7.73 | 88.33 | 96.06 | OK | --no-vignettes |
r-release-macos-arm64 | 1.1.1 | 206.00 | OK | |||
r-release-macos-x86_64 | 1.1.1 | 563.00 | OK | |||
r-release-windows-x86_64 | 1.1.1 | 12.00 | 472.00 | 484.00 | OK | |
r-oldrel-macos-arm64 | 1.1.1 | 371.00 | OK | |||
r-oldrel-macos-x86_64 | 1.1.1 | 886.00 | OK | |||
r-oldrel-windows-x86_64 | 1.1.1 | 11.00 | 135.00 | 146.00 | ERROR | --no-vignettes |
Version: 1.1.1
Flags: --no-vignettes
Check: tests
Result: ERROR
Running 'testthat.R' [57s]
Running the tests in 'tests/testthat.R' failed.
Complete output:
> library(testthat)
> library(optimall)
>
> test_check("optimall")
[ FAIL 2 | WARN 0 | SKIP 1 | PASS 244 ]
══ Skipped tests (1) ═══════════════════════════════════════════════════════════
• On Windows (1): 'test-optimall_shiny.R:16:1'
══ Failed tests ════════════════════════════════════════════════════════════════
── Failure ('test-allocate_wave.R:22:3'): the output of allocate_wave is as expected ──
output$nsample_actual not equal to ...$stratum_size.
2/3 mismatches (average diff: 1)
[1] 8 - 7 == 1
[3] 9 - 10 == -1
── Failure ('test-allocate_wave.R:43:3'): the output is as expected with allocation_method = Neyman ──
output$nsample_actual not equal to ...$stratum_size.
2/3 mismatches (average diff: 1)
[1] 8 - 7 == 1
[3] 9 - 10 == -1
[ FAIL 2 | WARN 0 | SKIP 1 | PASS 244 ]
Error: Test failures
Execution halted
Flavor: r-oldrel-windows-x86_64