Last updated on 2024-08-17 05:49:29 CEST.
Flavor | Version | Tinstall | Tcheck | Ttotal | Status | Flags |
---|---|---|---|---|---|---|
r-devel-linux-x86_64-debian-clang | 0.9.2.1 | 1.89 | 27.89 | 29.78 | NOTE | |
r-devel-linux-x86_64-debian-gcc | 0.9.2.1 | 1.69 | 21.65 | 23.34 | NOTE | |
r-devel-linux-x86_64-fedora-clang | 0.9.2.1 | 49.00 | NOTE | |||
r-devel-linux-x86_64-fedora-gcc | 0.9.2.1 | 58.98 | NOTE | |||
r-devel-windows-x86_64 | 0.9.2.1 | 4.00 | 52.00 | 56.00 | NOTE | |
r-patched-linux-x86_64 | 0.9.2.1 | 2.42 | 26.33 | 28.75 | NOTE | |
r-release-linux-x86_64 | 0.9.2.1 | 2.09 | 26.61 | 28.70 | NOTE | |
r-release-macos-arm64 | 0.9.2.1 | 26.00 | NOTE | |||
r-release-macos-x86_64 | 0.9.2.1 | 33.00 | NOTE | |||
r-release-windows-x86_64 | 0.9.2.1 | 3.00 | 52.00 | 55.00 | NOTE | |
r-oldrel-macos-arm64 | 0.9.2.1 | 29.00 | OK | |||
r-oldrel-macos-x86_64 | 0.9.2.1 | 37.00 | OK | |||
r-oldrel-windows-x86_64 | 0.9.2.1 | 3.00 | 55.00 | 58.00 | OK |
Version: 0.9.2.1
Check: Rd files
Result: NOTE
checkRd: (-1) gnu_style.Rd:24: Lost braces
24 | [GNU Command Line Standards]{http://www.gnu.org/prep/standards/standards.html}
| ^
Flavors: r-devel-linux-x86_64-debian-clang, r-devel-linux-x86_64-debian-gcc, r-devel-linux-x86_64-fedora-clang, r-devel-linux-x86_64-fedora-gcc, r-devel-windows-x86_64, r-patched-linux-x86_64, r-release-linux-x86_64, r-release-macos-arm64, r-release-macos-x86_64, r-release-windows-x86_64