CRAN Package Check Results for Package ollggamma

Last updated on 2025-02-10 03:49:25 CET.

Flavor Version Tinstall Tcheck Ttotal Status Flags
r-devel-linux-x86_64-debian-clang 1.0.2 1.67 19.89 21.56 OK
r-devel-linux-x86_64-debian-gcc 1.0.2 1.28 16.51 17.79 OK
r-devel-linux-x86_64-fedora-clang 1.0.2 36.48 OK
r-devel-linux-x86_64-fedora-gcc 1.0.2 32.89 OK
r-devel-windows-x86_64 1.0.2 2.00 47.00 49.00 OK
r-patched-linux-x86_64 1.0.2 1.68 19.31 20.99 NOTE
r-release-linux-x86_64 1.0.2 1.65 19.02 20.67 NOTE
r-release-macos-arm64 1.0.2 16.00 NOTE
r-release-macos-x86_64 1.0.2 23.00 NOTE
r-release-windows-x86_64 1.0.2 2.00 49.00 51.00 NOTE
r-oldrel-macos-arm64 1.0.2 16.00 NOTE
r-oldrel-macos-x86_64 1.0.2 21.00 NOTE
r-oldrel-windows-x86_64 1.0.2 4.00 46.00 50.00 NOTE

Check Details

Version: 1.0.2
Check: LazyData
Result: NOTE 'LazyData' is specified without a 'data' directory Flavors: r-patched-linux-x86_64, r-release-linux-x86_64, r-release-macos-arm64, r-release-macos-x86_64, r-release-windows-x86_64, r-oldrel-macos-arm64, r-oldrel-macos-x86_64, r-oldrel-windows-x86_64