Last updated on 2024-08-18 04:48:18 CEST.
Flavor | Version | Tinstall | Tcheck | Ttotal | Status | Flags |
---|---|---|---|---|---|---|
r-devel-linux-x86_64-debian-clang | 0.6.6 | 25.04 | 113.70 | 138.74 | NOTE | |
r-devel-linux-x86_64-debian-gcc | 0.6.6 | 12.25 | 75.38 | 87.63 | NOTE | |
r-devel-linux-x86_64-fedora-clang | 0.6.6 | 219.34 | OK | |||
r-devel-linux-x86_64-fedora-gcc | 0.6.6 | 208.56 | OK | |||
r-devel-windows-x86_64 | 0.6.6 | 26.00 | 165.00 | 191.00 | NOTE | |
r-patched-linux-x86_64 | 0.6.6 | 27.59 | 107.10 | 134.69 | OK | |
r-release-linux-x86_64 | 0.6.6 | 21.05 | 109.08 | 130.13 | OK | |
r-release-macos-arm64 | 0.6.6 | 66.00 | OK | |||
r-release-macos-x86_64 | 0.6.6 | 120.00 | OK | |||
r-release-windows-x86_64 | 0.6.6 | 24.00 | 161.00 | 185.00 | OK | |
r-oldrel-macos-arm64 | 0.6.6 | 71.00 | OK | |||
r-oldrel-macos-x86_64 | 0.6.6 | 155.00 | OK | |||
r-oldrel-windows-x86_64 | 0.6.6 | 31.00 | 189.00 | 220.00 | OK |
Version: 0.6.6
Check: Rd cross-references
Result: NOTE
Found the following Rd file(s) with Rd \link{} targets missing package
anchors:
uuid_generate.Rd: UUIDgenerate
Please provide package anchors for all Rd \link{} targets not in the
package itself and the base packages.
Flavors: r-devel-linux-x86_64-debian-clang, r-devel-linux-x86_64-debian-gcc, r-devel-windows-x86_64