Last updated on 2025-02-10 03:49:25 CET.
Flavor | Version | Tinstall | Tcheck | Ttotal | Status | Flags |
---|---|---|---|---|---|---|
r-devel-linux-x86_64-debian-clang | 1.8-3 | 202.76 | 593.75 | 796.51 | OK | |
r-devel-linux-x86_64-debian-gcc | 1.8-3 | 136.44 | 371.92 | 508.36 | OK | |
r-devel-linux-x86_64-fedora-clang | 1.8-3 | 1371.89 | OK | |||
r-devel-linux-x86_64-fedora-gcc | 1.8-3 | 1315.14 | OK | |||
r-devel-windows-x86_64 | 1.8-3 | 209.00 | 744.00 | 953.00 | OK | |
r-patched-linux-x86_64 | 1.8-3 | 225.85 | 552.58 | 778.43 | OK | |
r-release-linux-x86_64 | 1.8-3 | 200.46 | 558.85 | 759.31 | OK | |
r-release-macos-arm64 | 1.8-3 | 327.00 | NOTE | |||
r-release-macos-x86_64 | 1.8-3 | 878.00 | NOTE | |||
r-release-windows-x86_64 | 1.8-3 | 216.00 | 735.00 | 951.00 | NOTE | |
r-oldrel-macos-arm64 | 1.8-3 | 424.00 | NOTE | |||
r-oldrel-macos-x86_64 | 1.8-3 | 629.00 | NOTE | |||
r-oldrel-windows-x86_64 | 1.8-3 | 255.00 | 901.00 | 1156.00 | NOTE |
Version: 1.8-3
Check: installed package size
Result: NOTE
installed size is 16.1Mb
sub-directories of 1Mb or more:
R 3.1Mb
data 1.0Mb
doc 1.7Mb
help 3.8Mb
libs 5.9Mb
Flavors: r-release-macos-arm64, r-release-macos-x86_64, r-release-windows-x86_64, r-oldrel-macos-arm64, r-oldrel-macos-x86_64, r-oldrel-windows-x86_64