Last updated on 2024-08-17 05:49:29 CEST.
Flavor | Version | Tinstall | Tcheck | Ttotal | Status | Flags |
---|---|---|---|---|---|---|
r-devel-linux-x86_64-debian-clang | 1.0.2 | 87.83 | 43.59 | 131.42 | OK | |
r-devel-linux-x86_64-debian-gcc | 1.0.2 | 78.78 | 32.67 | 111.45 | OK | |
r-devel-linux-x86_64-fedora-clang | 1.0.2 | 258.22 | OK | |||
r-devel-linux-x86_64-fedora-gcc | 1.0.2 | 288.20 | OK | |||
r-devel-windows-x86_64 | 1.0.2 | 107.00 | 85.00 | 192.00 | OK | |
r-patched-linux-x86_64 | 1.0.2 | 100.76 | 41.14 | 141.90 | OK | |
r-release-linux-x86_64 | 1.0.2 | 106.27 | 41.88 | 148.15 | OK | |
r-release-macos-arm64 | 1.0.2 | 63.00 | NOTE | |||
r-release-macos-x86_64 | 1.0.2 | 114.00 | NOTE | |||
r-release-windows-x86_64 | 1.0.2 | 102.00 | 90.00 | 192.00 | OK | |
r-oldrel-macos-arm64 | 1.0.2 | 71.00 | NOTE | |||
r-oldrel-macos-x86_64 | 1.0.2 | 80.00 | NOTE | |||
r-oldrel-windows-x86_64 | 1.0.2 | 130.00 | 103.00 | 233.00 | OK |
Version: 1.0.2
Check: installed package size
Result: NOTE
installed size is 11.2Mb
sub-directories of 1Mb or more:
libs 11.0Mb
Flavors: r-release-macos-arm64, r-release-macos-x86_64, r-oldrel-macos-arm64, r-oldrel-macos-x86_64