Last updated on 2025-02-04 05:50:26 CET.
Flavor | Version | Tinstall | Tcheck | Ttotal | Status | Flags |
---|---|---|---|---|---|---|
r-devel-linux-x86_64-debian-clang | 0.4.0 | 30.48 | 52.99 | 83.47 | NOTE | |
r-devel-linux-x86_64-debian-gcc | 0.4.0 | 22.91 | 37.92 | 60.83 | NOTE | |
r-devel-linux-x86_64-fedora-clang | 0.4.0 | 154.17 | NOTE | |||
r-devel-linux-x86_64-fedora-gcc | 0.4.0 | 144.64 | NOTE | |||
r-devel-windows-x86_64 | 0.4.0 | 36.00 | 85.00 | 121.00 | NOTE | |
r-patched-linux-x86_64 | 0.4.0 | 37.89 | 49.49 | 87.38 | NOTE | |
r-release-linux-x86_64 | 0.4.0 | 31.13 | 49.15 | 80.28 | NOTE | |
r-release-macos-arm64 | 0.4.0 | 41.00 | NOTE | |||
r-release-macos-x86_64 | 0.4.0 | 68.00 | NOTE | |||
r-release-windows-x86_64 | 0.4.0 | 35.00 | 85.00 | 120.00 | NOTE | |
r-oldrel-macos-arm64 | 0.4.0 | 44.00 | NOTE | |||
r-oldrel-macos-x86_64 | 0.4.0 | 69.00 | NOTE | |||
r-oldrel-windows-x86_64 | 0.4.0 | 40.00 | 99.00 | 139.00 | NOTE |
Version: 0.4.0
Check: C++ specification
Result: NOTE
Specified C++11: please drop specification unless essential
Flavors: r-devel-linux-x86_64-debian-clang, r-devel-linux-x86_64-debian-gcc, r-devel-linux-x86_64-fedora-clang, r-devel-linux-x86_64-fedora-gcc, r-devel-windows-x86_64, r-patched-linux-x86_64, r-release-linux-x86_64, r-release-macos-arm64, r-release-macos-x86_64, r-release-windows-x86_64, r-oldrel-macos-arm64, r-oldrel-macos-x86_64, r-oldrel-windows-x86_64
Version: 0.4.0
Check: Rd cross-references
Result: NOTE
Found the following Rd file(s) with Rd \link{} targets missing package
anchors:
nprobust.plot.Rd: ggplot2
Please provide package anchors for all Rd \link{} targets not in the
package itself and the base packages.
Flavors: r-devel-linux-x86_64-debian-clang, r-devel-linux-x86_64-debian-gcc, r-devel-windows-x86_64