Last updated on 2024-08-17 05:49:28 CEST.
Flavor | Version | Tinstall | Tcheck | Ttotal | Status | Flags |
---|---|---|---|---|---|---|
r-devel-linux-x86_64-debian-clang | 1.2.8 | 13.26 | 55.37 | 68.63 | NOTE | |
r-devel-linux-x86_64-debian-gcc | 1.2.8 | 9.00 | 39.78 | 48.78 | NOTE | |
r-devel-linux-x86_64-fedora-clang | 1.2.8 | 116.17 | NOTE | |||
r-devel-linux-x86_64-fedora-gcc | 1.2.8 | 128.25 | NOTE | |||
r-devel-windows-x86_64 | 1.2.8 | 17.00 | 99.00 | 116.00 | OK | |
r-patched-linux-x86_64 | 1.2.8 | 13.51 | 64.18 | 77.69 | OK | |
r-release-linux-x86_64 | 1.2.8 | 11.04 | 63.36 | 74.40 | OK | |
r-release-macos-arm64 | 1.2.8 | 47.00 | OK | |||
r-release-macos-x86_64 | 1.2.8 | 66.00 | OK | |||
r-release-windows-x86_64 | 1.2.8 | 16.00 | 99.00 | 115.00 | OK | |
r-oldrel-macos-arm64 | 1.2.8 | 50.00 | OK | |||
r-oldrel-macos-x86_64 | 1.2.8 | 122.00 | OK | |||
r-oldrel-windows-x86_64 | 1.2.8 | 21.00 | 120.00 | 141.00 | OK |
Version: 1.2.8
Check: package dependencies
Result: NOTE
Package suggested but not available for checking: ‘RPANDA’
Flavors: r-devel-linux-x86_64-debian-clang, r-devel-linux-x86_64-debian-gcc, r-devel-linux-x86_64-fedora-clang, r-devel-linux-x86_64-fedora-gcc