Last updated on 2024-08-18 04:48:18 CEST.
Flavor | Version | Tinstall | Tcheck | Ttotal | Status | Flags |
---|---|---|---|---|---|---|
r-devel-linux-x86_64-debian-clang | 2.6 | 32.88 | 225.62 | 258.50 | NOTE | |
r-devel-linux-x86_64-debian-gcc | 2.6 | 23.42 | 142.62 | 166.04 | NOTE | |
r-devel-linux-x86_64-fedora-clang | 2.6 | 424.30 | NOTE | |||
r-devel-linux-x86_64-fedora-gcc | 2.6 | 417.03 | NOTE | |||
r-devel-windows-x86_64 | 2.6 | 32.00 | 226.00 | 258.00 | NOTE | |
r-patched-linux-x86_64 | 2.6 | 30.70 | 213.13 | 243.83 | NOTE | |
r-release-linux-x86_64 | 2.6 | 26.56 | 213.03 | 239.59 | NOTE | |
r-release-macos-arm64 | 2.6 | 97.00 | NOTE | |||
r-release-macos-x86_64 | 2.6 | 153.00 | NOTE | |||
r-release-windows-x86_64 | 2.6 | 33.00 | 232.00 | 265.00 | NOTE | |
r-oldrel-macos-arm64 | 2.6 | 114.00 | NOTE | |||
r-oldrel-macos-x86_64 | 2.6 | 194.00 | NOTE | |||
r-oldrel-windows-x86_64 | 2.6 | 41.00 | 297.00 | 338.00 | NOTE |
Version: 2.6
Check: C++ specification
Result: NOTE
Specified C++11: please drop specification unless essential
Flavors: r-devel-linux-x86_64-debian-clang, r-devel-linux-x86_64-debian-gcc, r-devel-linux-x86_64-fedora-clang, r-devel-linux-x86_64-fedora-gcc, r-devel-windows-x86_64, r-patched-linux-x86_64, r-release-linux-x86_64, r-release-macos-arm64, r-release-macos-x86_64, r-release-windows-x86_64, r-oldrel-macos-arm64, r-oldrel-macos-x86_64, r-oldrel-windows-x86_64