Last updated on 2024-08-18 04:48:18 CEST.
Flavor | Version | Tinstall | Tcheck | Ttotal | Status | Flags |
---|---|---|---|---|---|---|
r-devel-linux-x86_64-debian-clang | 1.2.1 | 438.81 | 256.24 | 695.05 | OK | |
r-devel-linux-x86_64-debian-gcc | 1.2.1 | 280.21 | 180.28 | 460.49 | OK | |
r-devel-linux-x86_64-fedora-clang | 1.2.1 | 1270.48 | NOTE | |||
r-devel-linux-x86_64-fedora-gcc | 1.2.1 | 1235.28 | OK | |||
r-devel-windows-x86_64 | 1.2.1 | 480.00 | 264.00 | 744.00 | NOTE | |
r-patched-linux-x86_64 | 1.2.1 | 418.15 | 257.86 | 676.01 | OK | |
r-release-linux-x86_64 | 1.2.1 | 427.53 | 260.02 | 687.55 | OK | |
r-release-macos-arm64 | 1.2.1 | 243.00 | NOTE | |||
r-release-macos-x86_64 | 1.2.1 | 832.00 | NOTE | |||
r-release-windows-x86_64 | 1.2.1 | 485.00 | 266.00 | 751.00 | NOTE | |
r-oldrel-macos-arm64 | 1.2.1 | 238.00 | NOTE | |||
r-oldrel-macos-x86_64 | 1.2.1 | 501.00 | NOTE | |||
r-oldrel-windows-x86_64 | 1.2.1 | 599.00 | 337.00 | 936.00 | NOTE |
Version: 1.2.1
Check: installed package size
Result: NOTE
installed size is 25.9Mb
sub-directories of 1Mb or more:
CppCode 2.8Mb
R 8.3Mb
classic-bugs 1.6Mb
include 11.9Mb
Flavors: r-devel-linux-x86_64-fedora-clang, r-devel-windows-x86_64, r-release-macos-arm64, r-release-macos-x86_64, r-release-windows-x86_64, r-oldrel-macos-arm64, r-oldrel-macos-x86_64, r-oldrel-windows-x86_64