Last updated on 2024-08-17 05:49:28 CEST.
Flavor | Version | Tinstall | Tcheck | Ttotal | Status | Flags |
---|---|---|---|---|---|---|
r-devel-linux-x86_64-debian-clang | 1.22 | 8.17 | 32.58 | 40.75 | OK | |
r-devel-linux-x86_64-debian-gcc | 1.22 | 5.50 | 23.05 | 28.55 | OK | |
r-devel-linux-x86_64-fedora-clang | 1.22 | 67.50 | OK | |||
r-devel-linux-x86_64-fedora-gcc | 1.22 | 63.95 | OK | |||
r-devel-windows-x86_64 | 1.22 | 5.00 | 2.00 | 7.00 | ERROR | |
r-patched-linux-x86_64 | 1.22 | 7.33 | 31.01 | 38.34 | OK | |
r-release-linux-x86_64 | 1.22 | 6.62 | 30.90 | 37.52 | OK | |
r-release-macos-arm64 | 1.22 | 24.00 | NOTE | |||
r-release-macos-x86_64 | 1.22 | 41.00 | NOTE | |||
r-release-windows-x86_64 | 1.22 | 7.00 | 2.00 | 9.00 | ERROR | |
r-oldrel-macos-arm64 | 1.22 | 31.00 | NOTE | |||
r-oldrel-macos-x86_64 | 1.22 | 66.00 | NOTE | |||
r-oldrel-windows-x86_64 | 1.22 | 23.00 | 208.00 | 231.00 | NOTE |
Version: 1.22
Check: whether package can be installed
Result: ERROR
Installation failed.
Flavors: r-devel-windows-x86_64, r-release-windows-x86_64
Version: 1.22
Check: installed package size
Result: NOTE
installed size is 6.0Mb
sub-directories of 1Mb or more:
libs 5.6Mb
Flavors: r-release-macos-arm64, r-release-macos-x86_64, r-oldrel-macos-arm64, r-oldrel-macos-x86_64, r-oldrel-windows-x86_64