Last updated on 2024-08-17 05:49:28 CEST.
Flavor | Version | Tinstall | Tcheck | Ttotal | Status | Flags |
---|---|---|---|---|---|---|
r-devel-linux-x86_64-debian-clang | 0.1.0 | 11.70 | 113.12 | 124.82 | NOTE | |
r-devel-linux-x86_64-debian-gcc | 0.1.0 | 9.08 | 82.46 | 91.54 | NOTE | |
r-devel-linux-x86_64-fedora-clang | 0.1.0 | 202.03 | NOTE | |||
r-devel-linux-x86_64-fedora-gcc | 0.1.0 | 204.60 | NOTE | |||
r-devel-windows-x86_64 | 0.1.0 | 14.00 | 124.00 | 138.00 | NOTE | |
r-patched-linux-x86_64 | 0.1.0 | 12.68 | 109.61 | 122.29 | NOTE | |
r-release-linux-x86_64 | 0.1.0 | 12.24 | 109.71 | 121.95 | NOTE | |
r-release-macos-arm64 | 0.1.0 | 69.00 | NOTE | |||
r-release-macos-x86_64 | 0.1.0 | 103.00 | NOTE | |||
r-release-windows-x86_64 | 0.1.0 | 13.00 | 121.00 | 134.00 | NOTE | |
r-oldrel-macos-arm64 | 0.1.0 | 67.00 | OK | |||
r-oldrel-macos-x86_64 | 0.1.0 | 102.00 | OK | |||
r-oldrel-windows-x86_64 | 0.1.0 | 20.00 | 153.00 | 173.00 | OK |
Version: 0.1.0
Check: Rd files
Result: NOTE
checkRd: (-1) hurricane.Rd:47-48: Lost braces
47 | \doi{10.1073/pnas.1402786111}{Female hurricanes are
| ^
checkRd: (-1) hurricane.Rd:55: Lost braces
55 | \doi{10.1038/s41562-020-0912-z}{Specification curve analysis}
| ^
checkRd: (-1) soccer.Rd:67: Lost braces; missing escapes or markup?
67 | {rater1} and {rater2}, and the 5-point scale values were
| ^
checkRd: (-1) soccer.Rd:67: Lost braces; missing escapes or markup?
67 | {rater1} and {rater2}, and the 5-point scale values were
| ^
Flavors: r-devel-linux-x86_64-debian-clang, r-devel-linux-x86_64-debian-gcc, r-devel-linux-x86_64-fedora-clang, r-devel-linux-x86_64-fedora-gcc, r-devel-windows-x86_64, r-patched-linux-x86_64, r-release-linux-x86_64, r-release-macos-arm64, r-release-macos-x86_64, r-release-windows-x86_64