Last updated on 2024-08-18 04:48:17 CEST.
Flavor | Version | Tinstall | Tcheck | Ttotal | Status | Flags |
---|---|---|---|---|---|---|
r-devel-linux-x86_64-debian-clang | 0.1.6 | 4.39 | 29.68 | 34.07 | OK | |
r-devel-linux-x86_64-debian-gcc | 0.1.6 | 3.40 | 22.13 | 25.53 | OK | |
r-devel-linux-x86_64-fedora-clang | 0.1.6 | 58.80 | NOTE | |||
r-devel-linux-x86_64-fedora-gcc | 0.1.6 | 55.91 | OK | |||
r-devel-windows-x86_64 | 0.1.6 | 7.00 | 59.00 | 66.00 | OK | |
r-patched-linux-x86_64 | 0.1.6 | 5.03 | 28.40 | 33.43 | OK | |
r-release-linux-x86_64 | 0.1.6 | 4.31 | 28.65 | 32.96 | OK | |
r-release-macos-arm64 | 0.1.6 | 22.00 | OK | |||
r-release-macos-x86_64 | 0.1.6 | 31.00 | OK | |||
r-release-windows-x86_64 | 0.1.6 | 7.00 | 61.00 | 68.00 | OK | |
r-oldrel-macos-arm64 | 0.1.6 | 23.00 | OK | |||
r-oldrel-macos-x86_64 | 0.1.6 | 52.00 | OK | |||
r-oldrel-windows-x86_64 | 0.1.6 | 8.00 | 68.00 | 76.00 | OK |
Version: 0.1.6
Check: Rd cross-references
Result: NOTE
Undeclared package ‘mev’ in Rd xrefs
Flavor: r-devel-linux-x86_64-fedora-clang