Last updated on 2025-02-10 03:49:25 CET.
Flavor | Version | Tinstall | Tcheck | Ttotal | Status | Flags |
---|---|---|---|---|---|---|
r-devel-linux-x86_64-debian-clang | 1.0-6 | 15.73 | 69.35 | 85.08 | NOTE | |
r-devel-linux-x86_64-debian-gcc | 1.0-6 | 9.04 | 44.34 | 53.38 | NOTE | |
r-devel-linux-x86_64-fedora-clang | 1.0-6 | 134.97 | OK | |||
r-devel-linux-x86_64-fedora-gcc | 1.0-6 | 123.37 | OK | |||
r-devel-windows-x86_64 | 1.0-6 | 15.00 | 79.00 | 94.00 | NOTE | |
r-patched-linux-x86_64 | 1.0-6 | 15.87 | 64.79 | 80.66 | OK | |
r-release-linux-x86_64 | 1.0-6 | 12.76 | 62.65 | 75.41 | OK | |
r-release-macos-arm64 | 1.0-6 | 31.00 | OK | |||
r-release-macos-x86_64 | 1.0-6 | 56.00 | OK | |||
r-release-windows-x86_64 | 1.0-6 | 15.00 | 76.00 | 91.00 | OK | |
r-oldrel-macos-arm64 | 1.0-6 | 35.00 | OK | |||
r-oldrel-macos-x86_64 | 1.0-6 | 57.00 | OK | |||
r-oldrel-windows-x86_64 | 1.0-6 | 18.00 | 93.00 | 111.00 | OK |
Version: 1.0-6
Check: Rd cross-references
Result: NOTE
Found the following Rd file(s) with Rd \link{} targets missing package
anchors:
const.control.Rd: const
indscal.Rd: const, cmls
mcr.Rd: const, cmls
parafac.Rd: const, cmls
parafac2.Rd: const, cmls
Please provide package anchors for all Rd \link{} targets not in the
package itself and the base packages.
Flavors: r-devel-linux-x86_64-debian-clang, r-devel-linux-x86_64-debian-gcc, r-devel-windows-x86_64