Last updated on 2025-02-10 03:49:25 CET.
Flavor | Version | Tinstall | Tcheck | Ttotal | Status | Flags |
---|---|---|---|---|---|---|
r-devel-linux-x86_64-debian-clang | 2.7 | 3.38 | 64.17 | 67.55 | NOTE | |
r-devel-linux-x86_64-debian-gcc | 2.7 | 2.90 | 45.07 | 47.97 | NOTE | |
r-devel-linux-x86_64-fedora-clang | 2.7 | 112.15 | OK | |||
r-devel-linux-x86_64-fedora-gcc | 2.7 | 109.90 | OK | |||
r-devel-windows-x86_64 | 2.7 | 5.00 | 97.00 | 102.00 | NOTE | |
r-patched-linux-x86_64 | 2.7 | 3.78 | 62.02 | 65.80 | OK | |
r-release-linux-x86_64 | 2.7 | 2.85 | 62.58 | 65.43 | OK | |
r-release-macos-arm64 | 2.7 | 32.00 | OK | |||
r-release-macos-x86_64 | 2.7 | 52.00 | OK | |||
r-release-windows-x86_64 | 2.7 | 5.00 | 100.00 | 105.00 | OK | |
r-oldrel-macos-arm64 | 2.7 | 34.00 | OK | |||
r-oldrel-macos-x86_64 | 2.7 | 57.00 | OK | |||
r-oldrel-windows-x86_64 | 2.7 | 6.00 | 102.00 | 108.00 | OK |
Version: 2.7
Check: Rd cross-references
Result: NOTE
Found the following Rd file(s) with Rd \link{} targets missing package
anchors:
gmeanrel.Rd: lme
Please provide package anchors for all Rd \link{} targets not in the
package itself and the base packages.
Flavors: r-devel-linux-x86_64-debian-clang, r-devel-linux-x86_64-debian-gcc, r-devel-windows-x86_64