Last updated on 2024-08-17 05:49:28 CEST.
Flavor | Version | Tinstall | Tcheck | Ttotal | Status | Flags |
---|---|---|---|---|---|---|
r-devel-linux-x86_64-debian-clang | 1.5.1 | 122.52 | 64.36 | 186.88 | OK | |
r-devel-linux-x86_64-debian-gcc | 1.5.1 | 83.14 | 45.11 | 128.25 | OK | |
r-devel-linux-x86_64-fedora-clang | 1.5.1 | 297.80 | OK | |||
r-devel-linux-x86_64-fedora-gcc | 1.5.1 | 351.91 | OK | |||
r-devel-windows-x86_64 | 1.5.1 | 111.00 | 100.00 | 211.00 | OK | |
r-patched-linux-x86_64 | 1.5.1 | 114.74 | 60.80 | 175.54 | OK | |
r-release-linux-x86_64 | 1.5.1 | 115.22 | 61.75 | 176.97 | OK | |
r-release-macos-arm64 | 1.5.1 | 81.00 | NOTE | |||
r-release-macos-x86_64 | 1.5.1 | 86.00 | NOTE | |||
r-release-windows-x86_64 | 1.5.1 | 111.00 | 102.00 | 213.00 | OK | |
r-oldrel-macos-arm64 | 1.5.1 | 95.00 | NOTE | |||
r-oldrel-macos-x86_64 | 1.5.1 | 159.00 | NOTE | |||
r-oldrel-windows-x86_64 | 1.5.1 | 142.00 | 119.00 | 261.00 | OK |
Version: 1.5.1
Check: installed package size
Result: NOTE
installed size is 12.6Mb
sub-directories of 1Mb or more:
libs 11.5Mb
Flavors: r-release-macos-arm64, r-release-macos-x86_64, r-oldrel-macos-arm64, r-oldrel-macos-x86_64