Last updated on 2024-08-17 05:49:28 CEST.
Flavor | Version | Tinstall | Tcheck | Ttotal | Status | Flags |
---|---|---|---|---|---|---|
r-devel-linux-x86_64-debian-clang | 0.99-3 | 16.03 | 56.34 | 72.37 | OK | |
r-devel-linux-x86_64-debian-gcc | 0.99-3 | 10.42 | 35.93 | 46.35 | OK | |
r-devel-linux-x86_64-fedora-clang | 0.99-3 | 117.50 | NOTE | |||
r-devel-linux-x86_64-fedora-gcc | 0.99-3 | 110.04 | OK | |||
r-devel-windows-x86_64 | 0.99-3 | 16.00 | 65.00 | 81.00 | OK | |
r-patched-linux-x86_64 | 0.99-3 | 16.40 | 52.18 | 68.58 | OK | |
r-release-linux-x86_64 | 0.99-3 | 16.80 | 53.02 | 69.82 | OK | |
r-release-macos-arm64 | 0.99-3 | 31.00 | OK | |||
r-release-macos-x86_64 | 0.99-3 | 49.00 | OK | |||
r-release-windows-x86_64 | 0.99-3 | 15.00 | 65.00 | 80.00 | OK | |
r-oldrel-macos-arm64 | 0.99-3 | 32.00 | OK | |||
r-oldrel-macos-x86_64 | 0.99-3 | 80.00 | OK | |||
r-oldrel-windows-x86_64 | 0.99-3 | 14.00 | 75.00 | 89.00 | OK |
Version: 0.99-3
Check: Rd cross-references
Result: NOTE
Undeclared package ‘sdam’ in Rd xrefs
Flavor: r-devel-linux-x86_64-fedora-clang