Last updated on 2024-08-17 05:49:28 CEST.
Flavor | Version | Tinstall | Tcheck | Ttotal | Status | Flags |
---|---|---|---|---|---|---|
r-devel-linux-x86_64-debian-clang | 1.0.1 | 21.97 | 130.12 | 152.09 | OK | |
r-devel-linux-x86_64-debian-gcc | 1.0.1 | 15.91 | 89.41 | 105.32 | OK | |
r-devel-linux-x86_64-fedora-clang | 1.0.1 | 253.14 | OK | |||
r-devel-linux-x86_64-fedora-gcc | 1.0.1 | 252.18 | OK | |||
r-devel-windows-x86_64 | 1.0.1 | 26.00 | 212.00 | 238.00 | OK | |
r-patched-linux-x86_64 | 1.0.1 | 21.22 | 123.74 | 144.96 | OK | |
r-release-linux-x86_64 | 1.0.1 | 22.10 | 109.07 | 131.17 | ERROR | |
r-release-macos-arm64 | 1.0.1 | 112.00 | OK | |||
r-release-macos-x86_64 | 1.0.1 | 265.00 | OK | |||
r-release-windows-x86_64 | 1.0.1 | 26.00 | 212.00 | 238.00 | OK | |
r-oldrel-macos-arm64 | 1.0.1 | 128.00 | OK | |||
r-oldrel-macos-x86_64 | 1.0.1 | 237.00 | OK | |||
r-oldrel-windows-x86_64 | 1.0.1 | 34.00 | 276.00 | 310.00 | OK |
Version: 1.0.1
Check: re-building of vignette outputs
Result: ERROR
Error(s) in re-building vignettes:
...
--- re-building ‘mulea.Rmd’ using rmarkdown
Quitting from lines 112-114 [read_GMT2] (mulea.Rmd)
Error: processing vignette 'mulea.Rmd' failed with diagnostics:
cannot coerce type 'closure' to vector of type 'character'
--- failed re-building ‘mulea.Rmd’
SUMMARY: processing the following file failed:
‘mulea.Rmd’
Error: Vignette re-building failed.
Execution halted
Flavor: r-release-linux-x86_64