Last updated on 2025-02-04 05:50:25 CET.
Flavor | Version | Tinstall | Tcheck | Ttotal | Status | Flags |
---|---|---|---|---|---|---|
r-devel-linux-x86_64-debian-clang | 0.3.5 | 2.35 | 27.01 | 29.36 | NOTE | |
r-devel-linux-x86_64-debian-gcc | 0.3.5 | 2.04 | 20.76 | 22.80 | NOTE | |
r-devel-linux-x86_64-fedora-clang | 0.3.5 | 46.39 | NOTE | |||
r-devel-linux-x86_64-fedora-gcc | 0.3.5 | 43.51 | NOTE | |||
r-devel-windows-x86_64 | 0.3.5 | 4.00 | 50.00 | 54.00 | NOTE | |
r-patched-linux-x86_64 | 0.3.5 | 2.97 | 25.61 | 28.58 | NOTE | |
r-release-linux-x86_64 | 0.3.5 | 2.63 | 25.35 | 27.98 | NOTE | |
r-release-macos-arm64 | 0.3.5 | 18.00 | NOTE | |||
r-release-macos-x86_64 | 0.3.5 | 27.00 | NOTE | |||
r-release-windows-x86_64 | 0.3.5 | 4.00 | 51.00 | 55.00 | NOTE | |
r-oldrel-macos-arm64 | 0.3.5 | 30.00 | NOTE | |||
r-oldrel-macos-x86_64 | 0.3.5 | 24.00 | NOTE | |||
r-oldrel-windows-x86_64 | 0.3.5 | 5.00 | 55.00 | 60.00 | NOTE |
Version: 0.3.5
Check: Rd files
Result: NOTE
checkRd: (-1) mkjnw.Rd:3: Escaped LaTeX specials: \&
checkRd: (-1) mkjnw.Rd:6: Escaped LaTeX specials: \&
Flavors: r-devel-linux-x86_64-debian-clang, r-devel-linux-x86_64-debian-gcc, r-devel-linux-x86_64-fedora-clang, r-devel-linux-x86_64-fedora-gcc, r-devel-windows-x86_64, r-patched-linux-x86_64, r-release-linux-x86_64, r-release-macos-arm64, r-release-macos-x86_64, r-release-windows-x86_64, r-oldrel-macos-arm64, r-oldrel-macos-x86_64, r-oldrel-windows-x86_64
Version: 0.3.5
Check: Rd cross-references
Result: NOTE
Found the following Rd file(s) with Rd \link{} targets missing package
anchors:
mnimput.Rd: gam
Please provide package anchors for all Rd \link{} targets not in the
package itself and the base packages.
Flavors: r-devel-linux-x86_64-debian-clang, r-devel-linux-x86_64-debian-gcc, r-devel-windows-x86_64