Last updated on 2024-07-18 04:50:20 CEST.
Flavor | Version | Tinstall | Tcheck | Ttotal | Status | Flags |
---|---|---|---|---|---|---|
r-devel-linux-x86_64-debian-clang | 7.5.1 | 29.99 | 227.57 | 257.56 | OK | |
r-devel-linux-x86_64-debian-gcc | 7.5.1 | 27.91 | 177.80 | 205.71 | OK | |
r-devel-linux-x86_64-fedora-clang | 7.5.1 | 349.15 | NOTE | |||
r-devel-linux-x86_64-fedora-gcc | 7.5.1 | 350.55 | OK | |||
r-devel-windows-x86_64 | 7.5.1 | 31.00 | 198.00 | 229.00 | NOTE | |
r-patched-linux-x86_64 | 7.5.1 | 32.50 | 229.98 | 262.48 | OK | |
r-release-linux-x86_64 | 7.5.1 | 30.23 | 221.25 | 251.48 | OK | |
r-release-macos-arm64 | 7.5.1 | 119.00 | NOTE | |||
r-release-macos-x86_64 | 7.5.1 | 192.00 | NOTE | |||
r-release-windows-x86_64 | 7.5.1 | 33.00 | 203.00 | 236.00 | NOTE | |
r-oldrel-macos-arm64 | 7.5.1 | 132.00 | NOTE | |||
r-oldrel-macos-x86_64 | 7.5.1 | 208.00 | NOTE | |||
r-oldrel-windows-x86_64 | 7.5.1 | 40.00 | 235.00 | 275.00 | NOTE |
Version: 7.5.1
Check: installed package size
Result: NOTE
installed size is 6.0Mb
sub-directories of 1Mb or more:
R 5.9Mb
Flavors: r-devel-linux-x86_64-fedora-clang, r-devel-windows-x86_64, r-release-macos-arm64, r-release-macos-x86_64, r-release-windows-x86_64, r-oldrel-macos-arm64, r-oldrel-macos-x86_64, r-oldrel-windows-x86_64