Last updated on 2025-02-10 03:49:25 CET.
Flavor | Version | Tinstall | Tcheck | Ttotal | Status | Flags |
---|---|---|---|---|---|---|
r-devel-linux-x86_64-debian-clang | 0.1.0 | 2.27 | 40.92 | 43.19 | OK | |
r-devel-linux-x86_64-debian-gcc | 0.1.0 | 1.76 | 30.38 | 32.14 | OK | |
r-devel-linux-x86_64-fedora-clang | 0.1.0 | 71.18 | NOTE | |||
r-devel-linux-x86_64-fedora-gcc | 0.1.0 | 79.94 | NOTE | |||
r-devel-windows-x86_64 | 0.1.0 | 4.00 | 60.00 | 64.00 | OK | |
r-patched-linux-x86_64 | 0.1.0 | 2.16 | 38.74 | 40.90 | OK | |
r-release-linux-x86_64 | 0.1.0 | 1.93 | 38.52 | 40.45 | OK | |
r-release-macos-arm64 | 0.1.0 | 31.00 | OK | |||
r-release-macos-x86_64 | 0.1.0 | 46.00 | OK | |||
r-release-windows-x86_64 | 0.1.0 | 4.00 | 65.00 | 69.00 | OK | |
r-oldrel-macos-arm64 | 0.1.0 | 85.00 | OK | |||
r-oldrel-macos-x86_64 | 0.1.0 | 45.00 | OK | |||
r-oldrel-windows-x86_64 | 0.1.0 | 4.00 | 69.00 | 73.00 | OK |
Version: 0.1.0
Check: dependencies in R code
Result: NOTE
Namespace in Imports field not imported from: ‘tidyselect’
All declared Imports should be used.
Flavors: r-devel-linux-x86_64-fedora-clang, r-devel-linux-x86_64-fedora-gcc