Last updated on 2024-08-17 05:49:28 CEST.
Flavor | Version | Tinstall | Tcheck | Ttotal | Status | Flags |
---|---|---|---|---|---|---|
r-devel-linux-x86_64-debian-clang | 1.5.1 | 97.31 | 130.19 | 227.50 | OK | |
r-devel-linux-x86_64-debian-gcc | 1.5.1 | 70.59 | 83.20 | 153.79 | OK | |
r-devel-linux-x86_64-fedora-clang | 1.5.1 | 407.85 | OK | |||
r-devel-linux-x86_64-fedora-gcc | 1.5.1 | 406.52 | OK | |||
r-devel-windows-x86_64 | 1.5.1 | 124.00 | 182.00 | 306.00 | OK | |
r-patched-linux-x86_64 | 1.5.1 | 102.82 | 120.45 | 223.27 | OK | |
r-release-linux-x86_64 | 1.5.1 | 97.65 | 121.70 | 219.35 | OK | |
r-release-macos-arm64 | 1.5.1 | 89.00 | NOTE | |||
r-release-macos-x86_64 | 1.5.1 | 225.00 | NOTE | |||
r-release-windows-x86_64 | 1.5.1 | 126.00 | 181.00 | 307.00 | OK | |
r-oldrel-macos-arm64 | 1.5.1 | 97.00 | NOTE | |||
r-oldrel-macos-x86_64 | 1.5.1 | 158.00 | NOTE | |||
r-oldrel-windows-x86_64 | 1.5.1 | 151.00 | 234.00 | 385.00 | OK |
Version: 1.5.1
Check: installed package size
Result: NOTE
installed size is 7.7Mb
sub-directories of 1Mb or more:
libs 5.4Mb
Flavors: r-release-macos-arm64, r-release-macos-x86_64, r-oldrel-macos-arm64, r-oldrel-macos-x86_64