Last updated on 2024-08-18 04:48:17 CEST.
Flavor | Version | Tinstall | Tcheck | Ttotal | Status | Flags |
---|---|---|---|---|---|---|
r-devel-linux-x86_64-debian-clang | 3.0.0 | 13.54 | 147.82 | 161.36 | OK | |
r-devel-linux-x86_64-debian-gcc | 3.0.0 | 8.66 | 100.79 | 109.45 | OK | |
r-devel-linux-x86_64-fedora-clang | 3.0.0 | 255.35 | OK | |||
r-devel-linux-x86_64-fedora-gcc | 3.0.0 | 251.05 | OK | |||
r-devel-windows-x86_64 | 3.0.0 | 13.00 | 147.00 | 160.00 | OK | |
r-patched-linux-x86_64 | 3.0.0 | 12.16 | 141.07 | 153.23 | OK | |
r-release-linux-x86_64 | 3.0.0 | 12.41 | 141.52 | 153.93 | OK | |
r-release-macos-arm64 | 3.0.0 | 121.00 | OK | |||
r-release-macos-x86_64 | 3.0.0 | 207.00 | OK | |||
r-release-windows-x86_64 | 3.0.0 | 12.00 | 147.00 | 159.00 | OK | |
r-oldrel-macos-arm64 | 3.0.0 | 124.00 | WARN | |||
r-oldrel-macos-x86_64 | 3.0.0 | 196.00 | WARN | |||
r-oldrel-windows-x86_64 | 3.0.0 | 17.00 | 180.00 | 197.00 | WARN |
Version: 3.0.0
Check: examples
Result: WARN
Found the following significant warnings:
Warning: 'generate_mpm_set' is deprecated.
Warning: 'random_mpm' is deprecated.
Warning: 'random_mpm' is deprecated.
Warning: 'random_mpm' is deprecated.
Warning: 'random_mpm' is deprecated.
Warning: 'random_mpm' is deprecated.
Warning: 'random_mpm' is deprecated.
Warning: 'random_mpm' is deprecated.
Warning: 'random_mpm' is deprecated.
Warning: 'random_mpm' is deprecated.
Warning: 'random_mpm' is deprecated.
Warning: 'generate_mpm_set' is deprecated.
Warning: 'random_mpm' is deprecated.
Warning: 'random_mpm' is deprecated.
Warning: 'random_mpm' is deprecated.
Warning: 'random_mpm' is deprecated.
Warning: 'random_mpm' is deprecated.
Warning: 'random_mpm' is deprecated.
Warning: 'random_mpm' is deprecated.
Warning: 'random_mpm' is deprecated.
Warning: 'random_mpm' is deprecated.
Warning: 'random_mpm' is deprecated.
Warning: 'random_mpm' is deprecated.
Warning: 'random_mpm' is deprecated.
Warning: 'random_mpm' is deprecated.
Warning: 'random_mpm' is deprecated.
Warning: 'random_mpm' is deprecated.
Warning: 'random_mpm' is deprecated.
Warning: 'random_mpm' is deprecated.
Warning: 'random_mpm' is deprecated.
Warning: 'random_mpm' is deprecated.
Warning: 'random_mpm' is deprecated.
Warning: 'random_mpm' is deprecated.
Warning: 'random_mpm' is deprecated.
Warning: 'random_mpm' is deprecated.
Warning: 'random_mpm' is deprecated.
Warning: 'generate_mpm_set' is deprecated.
Warning: 'random_mpm' is deprecated.
Warning: 'random_mpm' is deprecated.
Warning: 'random_mpm' is deprecated.
Warning: 'random_mpm' is deprecated.
Warning: 'random_mpm' is deprecated.
Warning: 'random_mpm' is deprecated.
Warning: 'random_mpm' is deprecated.
Warning: 'random_mpm' is deprecated.
Warning: 'random_mpm' is deprecated.
Warning: 'random_mpm' is deprecated.
Warning: 'random_mpm' is deprecated.
Warning: 'random_mpm' is deprecated.
Warning: 'random_mpm' is deprecated.
Warning: 'random_mpm' is deprecated.
Warning: 'random_mpm' is deprecated.
Warning: 'random_mpm' is deprecated.
Warning: 'random_mpm' is deprecated.
Warning: 'random_mpm' is deprecated.
Warning: 'random_mpm' is deprecated.
Warning: 'random_mpm' is deprecated.
Warning: 'random_mpm' is deprecated.
Warning: 'random_mpm' is deprecated.
Warning: 'random_mpm' is deprecated.
Warning: 'random_mpm' is deprecated.
Warning: 'random_mpm' is deprecated.
Warning: 'random_mpm' is deprecated.
Warning: 'random_mpm' is deprecated.
Warning: 'generate_mpm_set' is deprecated.
Warning: 'random_mpm' is deprecated.
Warning: 'random_mpm' is deprecated.
Warning: 'random_mpm' is deprecated.
Warning: 'random_mpm' is deprecated.
Warning: 'random_mpm' is deprecated.
Warning: 'random_mpm' is deprecated.
Warning: 'random_mpm' is deprecated.
Warning: 'random_mpm' is deprecated.
Warning: 'random_mpm' is deprecated.
Warning: 'random_mpm' is deprecated.
Warning: 'random_mpm' is deprecated.
Warning: 'random_mpm' is deprecated.
Warning: 'random_mpm' is deprecated.
Warning: 'random_mpm' is deprecated.
Warning: 'random_mpm' is deprecated.
Warning: 'random_mpm' is deprecated.
Warning: 'random_mpm' is deprecated.
Warning: 'random_mpm' is deprecated.
Warning: 'random_mpm' is deprecated.
Warning: 'random_mpm' is deprecated.
Warning: 'random_mpm' is deprecated.
Deprecated functions may be defunct as soon as of the next release of
R.
See ?Deprecated.
Flavors: r-oldrel-macos-arm64, r-oldrel-macos-x86_64, r-oldrel-windows-x86_64