Last updated on 2024-08-17 05:49:27 CEST.
Flavor | Version | Tinstall | Tcheck | Ttotal | Status | Flags |
---|---|---|---|---|---|---|
r-devel-linux-x86_64-debian-clang | 1.5.5 | 122.21 | 441.76 | 563.97 | NOTE | |
r-devel-linux-x86_64-debian-gcc | 1.5.5 | 83.25 | 274.48 | 357.73 | NOTE | |
r-devel-linux-x86_64-fedora-clang | 1.5.5 | 937.74 | OK | |||
r-devel-linux-x86_64-fedora-gcc | 1.5.5 | 902.01 | OK | |||
r-devel-windows-x86_64 | 1.5.5 | 123.00 | 391.00 | 514.00 | NOTE | |
r-patched-linux-x86_64 | 1.5.5 | 124.93 | 405.09 | 530.02 | OK | |
r-release-linux-x86_64 | 1.5.5 | 116.71 | 409.95 | 526.66 | OK | |
r-release-macos-arm64 | 1.5.5 | 212.00 | NOTE | |||
r-release-macos-x86_64 | 1.5.5 | 348.00 | NOTE | |||
r-release-windows-x86_64 | 1.5.5 | 127.00 | 386.00 | 513.00 | OK | |
r-oldrel-macos-arm64 | 1.5.5 | 267.00 | NOTE | |||
r-oldrel-macos-x86_64 | 1.5.5 | 454.00 | NOTE | |||
r-oldrel-windows-x86_64 | 1.5.5 | 160.00 | 537.00 | 697.00 | OK |
Version: 1.5.5
Check: Rd cross-references
Result: NOTE
Found the following Rd file(s) with Rd \link{} targets missing package
anchors:
AIC.momentuHMM.Rd: quasiquotation
AICweights.Rd: quasiquotation
MIfitHMM.Rd: crwPostIS
plotSat.Rd: CRS-class
Please provide package anchors for all Rd \link{} targets not in the
package itself and the base packages.
Flavors: r-devel-linux-x86_64-debian-clang, r-devel-linux-x86_64-debian-gcc, r-devel-windows-x86_64
Version: 1.5.5
Check: installed package size
Result: NOTE
installed size is 8.8Mb
sub-directories of 1Mb or more:
R 2.0Mb
doc 1.7Mb
libs 4.4Mb
Flavors: r-release-macos-arm64, r-release-macos-x86_64, r-oldrel-macos-arm64, r-oldrel-macos-x86_64