Last updated on 2024-08-18 04:48:17 CEST.
Flavor | Version | Tinstall | Tcheck | Ttotal | Status | Flags |
---|---|---|---|---|---|---|
r-devel-linux-x86_64-debian-clang | 1.0.1 | 54.94 | 283.44 | 338.38 | OK | |
r-devel-linux-x86_64-debian-gcc | 1.0.1 | 38.05 | 371.24 | 409.29 | OK | |
r-devel-linux-x86_64-fedora-clang | 1.0.2 | 1138.30 | OK | |||
r-devel-linux-x86_64-fedora-gcc | 1.0.1 | 1174.53 | OK | |||
r-devel-windows-x86_64 | 1.0.2 | 57.00 | 267.00 | 324.00 | OK | |
r-patched-linux-x86_64 | 1.0.1 | 53.51 | 546.10 | 599.61 | OK | |
r-release-linux-x86_64 | 1.0.1 | 55.30 | 531.87 | 587.17 | OK | |
r-release-macos-arm64 | 1.0.2 | 213.00 | NOTE | |||
r-release-macos-x86_64 | 1.0.2 | 520.00 | NOTE | |||
r-release-windows-x86_64 | 1.0.1 | 65.00 | 269.00 | 334.00 | OK | |
r-oldrel-macos-arm64 | 1.0.2 | 1112.00 | NOTE | |||
r-oldrel-macos-x86_64 | 1.0.2 | 1803.00 | ERROR | |||
r-oldrel-windows-x86_64 | 1.0.2 | 52.00 | 308.00 | 360.00 | OK |
Version: 1.0.2
Check: installed package size
Result: NOTE
installed size is 5.7Mb
sub-directories of 1Mb or more:
libs 4.4Mb
Flavors: r-release-macos-arm64, r-release-macos-x86_64, r-oldrel-macos-arm64, r-oldrel-macos-x86_64
Version: 1.0.2
Check: running R code from vignettes
Result: ERROR
Errors in running code in vignettes:
when running code in ‘quadratic.Rmd’
...
> m2 <- "\nENJ =~ enjoy1 + enjoy2 + enjoy3 + enjoy4 + enjoy5\nCAREER =~ career1 + career2 + career3 + career4\nSC =~ academic1 + academic2 + academic3 ..." ... [TRUNCATED]
> est2Dblcent <- modsem(m2, data = jordan)
> est2Qml <- modsem(m2, data = jordan, method = "qml")
Execution halted
... incomplete output. Crash?
‘customizing.Rmd’ using ‘UTF-8’... [2s/2s] OK
‘interaction_two_etas.Rmd’ using ‘UTF-8’... [148s/236s] OK
‘lavaan.Rmd’ using ‘UTF-8’... [50s/91s] OK
‘lms_qml.Rmd’ using ‘UTF-8’... [241s/393s] OK
‘methods.Rmd’ using ‘UTF-8’... [1s/1s] OK
‘modsem.Rmd’ using ‘UTF-8’... [307s/459s] OK
‘observed_lms_qml.Rmd’ using ‘UTF-8’... [23s/51s] OK
‘plot_interactions.Rmd’ using ‘UTF-8’... [147s/262s] OK
‘quadratic.Rmd’ using ‘UTF-8’... failed to complete the test
* checking re-building of vignette outputs ...* using check arguments '--no-clean-on-error '
Flavor: r-oldrel-macos-x86_64