Last updated on 2024-08-17 05:49:27 CEST.
Flavor | Version | Tinstall | Tcheck | Ttotal | Status | Flags |
---|---|---|---|---|---|---|
r-devel-linux-x86_64-debian-clang | 1.3.0 | 28.25 | 272.12 | 300.37 | OK | |
r-devel-linux-x86_64-debian-gcc | 1.3.0 | 19.57 | 184.35 | 203.92 | OK | |
r-devel-linux-x86_64-fedora-clang | 1.3.0 | 484.50 | NOTE | |||
r-devel-linux-x86_64-fedora-gcc | 1.3.0 | 483.63 | OK | |||
r-devel-windows-x86_64 | 1.3.0 | 28.00 | 277.00 | 305.00 | OK | |
r-patched-linux-x86_64 | 1.3.0 | 25.02 | 262.12 | 287.14 | OK | |
r-release-linux-x86_64 | 1.3.0 | 26.68 | 257.66 | 284.34 | OK | |
r-release-macos-arm64 | 1.3.0 | 130.00 | OK | |||
r-release-macos-x86_64 | 1.3.0 | 275.00 | OK | |||
r-release-windows-x86_64 | 1.3.0 | 28.00 | 274.00 | 302.00 | OK | |
r-oldrel-macos-arm64 | 1.3.0 | 166.00 | OK | |||
r-oldrel-macos-x86_64 | 1.3.0 | 336.00 | OK | |||
r-oldrel-windows-x86_64 | 1.3.0 | 39.00 | 359.00 | 398.00 | OK |
Version: 1.3.0
Check: package dependencies
Result: NOTE
Imports includes 30 non-default packages.
Importing from so many packages makes the package vulnerable to any of
them becoming unavailable. Move as many as possible to Suggests and
use conditionally.
Flavor: r-devel-linux-x86_64-fedora-clang