CRAN Package Check Results for Package mmaqshiny

Last updated on 2025-02-04 05:50:25 CET.

Flavor Version Tinstall Tcheck Ttotal Status Flags
r-devel-linux-x86_64-debian-clang 1.0.0 2.78 16.82 19.60 OK
r-devel-linux-x86_64-debian-gcc 1.0.0 2.09 14.27 16.36 OK
r-devel-linux-x86_64-fedora-clang 1.0.0 31.29 NOTE
r-devel-linux-x86_64-fedora-gcc 1.0.0 29.02 NOTE
r-devel-windows-x86_64 1.0.0 5.00 46.00 51.00 OK
r-patched-linux-x86_64 1.0.0 2.89 16.74 19.63 NOTE
r-release-linux-x86_64 1.0.0 2.86 16.10 18.96 NOTE
r-release-macos-arm64 1.0.0 17.00 NOTE
r-release-macos-x86_64 1.0.0 27.00 NOTE
r-release-windows-x86_64 1.0.0 6.00 37.00 43.00 NOTE
r-oldrel-macos-arm64 1.0.0 16.00 NOTE
r-oldrel-macos-x86_64 1.0.0 20.00 NOTE
r-oldrel-windows-x86_64 1.0.0 7.00 41.00 48.00 NOTE

Check Details

Version: 1.0.0
Check: dependencies in R code
Result: NOTE Namespaces in Imports field not imported from: ‘Cairo’ ‘DT’ ‘XML’ ‘caTools’ ‘data.table’ ‘dplyr’ ‘ggplot2’ ‘htmltools’ ‘leaflet’ ‘lubridate’ ‘plotly’ ‘shinyjs’ ‘stringr’ ‘xts’ ‘zoo’ All declared Imports should be used. Flavors: r-devel-linux-x86_64-fedora-clang, r-devel-linux-x86_64-fedora-gcc

Version: 1.0.0
Check: LazyData
Result: NOTE 'LazyData' is specified without a 'data' directory Flavors: r-patched-linux-x86_64, r-release-linux-x86_64, r-release-macos-arm64, r-release-macos-x86_64, r-release-windows-x86_64, r-oldrel-macos-arm64, r-oldrel-macos-x86_64, r-oldrel-windows-x86_64

Version: 1.0.0
Check: installed package size
Result: NOTE installed size is 15.6Mb sub-directories of 1Mb or more: images 1.1Mb shiny 14.5Mb Flavors: r-release-macos-arm64, r-release-macos-x86_64, r-release-windows-x86_64, r-oldrel-macos-arm64, r-oldrel-macos-x86_64, r-oldrel-windows-x86_64