Last updated on 2024-08-17 05:49:27 CEST.
Flavor | Version | Tinstall | Tcheck | Ttotal | Status | Flags |
---|---|---|---|---|---|---|
r-devel-linux-x86_64-debian-clang | 2.5.1 | 24.35 | 206.28 | 230.63 | OK | |
r-devel-linux-x86_64-debian-gcc | 2.5.1 | 17.71 | 132.95 | 150.66 | OK | |
r-devel-linux-x86_64-fedora-clang | 2.5.1 | 375.28 | OK | |||
r-devel-linux-x86_64-fedora-gcc | 2.5.1 | 360.08 | OK | |||
r-devel-windows-x86_64 | 2.5.1 | 30.00 | 231.00 | 261.00 | NOTE | --no-vignettes |
r-patched-linux-x86_64 | 2.5.1 | 26.79 | 191.37 | 218.16 | OK | |
r-release-linux-x86_64 | 2.5.1 | 26.10 | 199.09 | 225.19 | OK | |
r-release-macos-arm64 | 2.5.1 | 105.00 | OK | |||
r-release-macos-x86_64 | 2.5.1 | 235.00 | OK | |||
r-release-windows-x86_64 | 2.5.1 | 28.00 | 252.00 | 280.00 | NOTE | --no-vignettes |
r-oldrel-macos-arm64 | 2.5.1 | 114.00 | OK | |||
r-oldrel-macos-x86_64 | 2.5.1 | 216.00 | OK | |||
r-oldrel-windows-x86_64 | 2.5.1 | 38.00 | 318.00 | 356.00 | NOTE | --no-vignettes |
Version: 2.5.1
Flags: --no-vignettes
Check: installed package size
Result: NOTE
installed size is 5.1Mb
sub-directories of 1Mb or more:
doc 1.5Mb
Flavors: r-devel-windows-x86_64, r-release-windows-x86_64, r-oldrel-windows-x86_64