Last updated on 2025-02-10 03:49:24 CET.
Flavor | Version | Tinstall | Tcheck | Ttotal | Status | Flags |
---|---|---|---|---|---|---|
r-devel-linux-x86_64-debian-clang | 0.2.4 | 6.52 | 67.54 | 74.06 | OK | |
r-devel-linux-x86_64-debian-gcc | 0.2.4 | 4.49 | 49.20 | 53.69 | OK | |
r-devel-linux-x86_64-fedora-clang | 0.2.4 | 120.67 | OK | |||
r-devel-linux-x86_64-fedora-gcc | 0.2.4 | 126.71 | OK | |||
r-devel-windows-x86_64 | 0.2.4 | 8.00 | 81.00 | 89.00 | OK | |
r-patched-linux-x86_64 | 0.2.4 | 6.27 | 63.77 | 70.04 | NOTE | |
r-release-linux-x86_64 | 0.2.4 | 6.04 | 63.29 | 69.33 | NOTE | |
r-release-macos-arm64 | 0.2.4 | 44.00 | NOTE | |||
r-release-macos-x86_64 | 0.2.4 | 61.00 | NOTE | |||
r-release-windows-x86_64 | 0.2.4 | 6.00 | 84.00 | 90.00 | NOTE | |
r-oldrel-macos-arm64 | 0.2.4 | 42.00 | NOTE | |||
r-oldrel-macos-x86_64 | 0.2.4 | 64.00 | NOTE | |||
r-oldrel-windows-x86_64 | 0.2.4 | 8.00 | 96.00 | 104.00 | NOTE |
Version: 0.2.4
Check: LazyData
Result: NOTE
'LazyData' is specified without a 'data' directory
Flavors: r-patched-linux-x86_64, r-release-linux-x86_64, r-release-macos-arm64, r-release-macos-x86_64, r-release-windows-x86_64, r-oldrel-macos-arm64, r-oldrel-macos-x86_64, r-oldrel-windows-x86_64