Last updated on 2024-08-17 05:49:27 CEST.
Flavor | Version | Tinstall | Tcheck | Ttotal | Status | Flags |
---|---|---|---|---|---|---|
r-devel-linux-x86_64-debian-clang | 2.0.0 | 29.38 | 244.45 | 273.83 | NOTE | |
r-devel-linux-x86_64-debian-gcc | 2.0.0 | 21.10 | 161.24 | 182.34 | NOTE | |
r-devel-linux-x86_64-fedora-clang | 2.0.0 | 443.75 | NOTE | |||
r-devel-linux-x86_64-fedora-gcc | 2.0.0 | 445.05 | NOTE | |||
r-devel-windows-x86_64 | 2.0.0 | 37.00 | 318.00 | 355.00 | NOTE | |
r-patched-linux-x86_64 | 2.0.0 | 31.40 | 229.01 | 260.41 | NOTE | |
r-release-linux-x86_64 | 2.0.0 | 26.51 | 233.82 | 260.33 | NOTE | |
r-release-macos-arm64 | 2.0.0 | 111.00 | NOTE | |||
r-release-macos-x86_64 | 2.0.0 | 180.00 | NOTE | |||
r-release-windows-x86_64 | 2.0.0 | 36.00 | 317.00 | 353.00 | NOTE | |
r-oldrel-macos-arm64 | 2.0.0 | 131.00 | OK | |||
r-oldrel-macos-x86_64 | 2.0.0 | 240.00 | OK | |||
r-oldrel-windows-x86_64 | 2.0.0 | 46.00 | 388.00 | 434.00 | OK |
Version: 2.0.0
Check: Rd files
Result: NOTE
checkRd: (-1) CO2data.Rd:14: Lost braces in \itemize; meant \describe ?
checkRd: (-1) CO2data.Rd:15: Lost braces in \itemize; meant \describe ?
checkRd: (-1) CO2data.Rd:16-17: Lost braces in \itemize; meant \describe ?
checkRd: (-1) NOdata.Rd:14: Lost braces in \itemize; meant \describe ?
checkRd: (-1) NOdata.Rd:15: Lost braces in \itemize; meant \describe ?
Flavors: r-devel-linux-x86_64-debian-clang, r-devel-linux-x86_64-debian-gcc, r-devel-linux-x86_64-fedora-clang, r-devel-linux-x86_64-fedora-gcc, r-devel-windows-x86_64, r-patched-linux-x86_64, r-release-linux-x86_64, r-release-macos-arm64, r-release-macos-x86_64, r-release-windows-x86_64