CRAN Package Check Results for Package miniUI

Last updated on 2025-02-04 05:50:24 CET.

Flavor Version Tinstall Tcheck Ttotal Status Flags
r-devel-linux-x86_64-debian-clang 0.1.1.1 3.49 29.01 32.50 NOTE
r-devel-linux-x86_64-debian-gcc 0.1.1.1 2.66 22.60 25.26 NOTE
r-devel-linux-x86_64-fedora-clang 0.1.1.1 52.19 OK
r-devel-linux-x86_64-fedora-gcc 0.1.1.1 49.38 OK
r-devel-windows-x86_64 0.1.1.1 6.00 52.00 58.00 NOTE
r-patched-linux-x86_64 0.1.1.1 7.82 27.71 35.53 NOTE
r-release-linux-x86_64 0.1.1.1 3.50 27.74 31.24 NOTE
r-release-macos-arm64 0.1.1.1 20.00 NOTE
r-release-macos-x86_64 0.1.1.1 34.00 NOTE
r-release-windows-x86_64 0.1.1.1 6.00 51.00 57.00 NOTE
r-oldrel-macos-arm64 0.1.1.1 22.00 NOTE
r-oldrel-macos-x86_64 0.1.1.1 28.00 NOTE
r-oldrel-windows-x86_64 0.1.1.1 6.00 59.00 65.00 NOTE

Check Details

Version: 0.1.1.1
Check: Rd cross-references
Result: NOTE Found the following Rd file(s) with Rd \link{} targets missing package anchors: miniButtonBlock.Rd: shiny miniTabstripPanel.Rd: shiny miniTitleBar.Rd: shiny Please provide package anchors for all Rd \link{} targets not in the package itself and the base packages. Flavors: r-devel-linux-x86_64-debian-clang, r-devel-linux-x86_64-debian-gcc, r-devel-windows-x86_64

Version: 0.1.1.1
Check: LazyData
Result: NOTE 'LazyData' is specified without a 'data' directory Flavors: r-patched-linux-x86_64, r-release-linux-x86_64, r-release-macos-arm64, r-release-macos-x86_64, r-release-windows-x86_64, r-oldrel-macos-arm64, r-oldrel-macos-x86_64, r-oldrel-windows-x86_64