Last updated on 2025-02-10 03:49:24 CET.
Flavor | Version | Tinstall | Tcheck | Ttotal | Status | Flags |
---|---|---|---|---|---|---|
r-devel-linux-x86_64-debian-clang | 1.2 | 3.63 | 50.37 | 54.00 | OK | |
r-devel-linux-x86_64-debian-gcc | 1.2 | 2.41 | 39.42 | 41.83 | OK | |
r-devel-linux-x86_64-fedora-clang | 1.2 | 91.56 | OK | |||
r-devel-linux-x86_64-fedora-gcc | 1.2 | 93.56 | OK | |||
r-devel-windows-x86_64 | 1.2 | 5.00 | 79.00 | 84.00 | OK | |
r-patched-linux-x86_64 | 1.2 | 3.99 | 47.09 | 51.08 | OK | |
r-release-linux-x86_64 | 1.2 | 3.50 | 47.56 | 51.06 | OK | |
r-release-macos-arm64 | 1.2 | 40.00 | OK | |||
r-release-macos-x86_64 | 1.2 | 49.00 | OK | |||
r-release-windows-x86_64 | 1.2 | 6.00 | 79.00 | 85.00 | OK | |
r-oldrel-macos-arm64 | 1.2 | 41.00 | NOTE | |||
r-oldrel-macos-x86_64 | 1.2 | 57.00 | NOTE | |||
r-oldrel-windows-x86_64 | 1.2 | 7.00 | 91.00 | 98.00 | OK |
Version: 1.2
Check: package dependencies
Result: NOTE
Packages suggested but not available for checking: 'DAPAR', 'ProteoMM'
Flavors: r-oldrel-macos-arm64, r-oldrel-macos-x86_64