Last updated on 2025-02-04 05:50:24 CET.
Flavor | Version | Tinstall | Tcheck | Ttotal | Status | Flags |
---|---|---|---|---|---|---|
r-devel-linux-x86_64-debian-clang | 1.3.3 | 4.52 | 89.61 | 94.13 | OK | |
r-devel-linux-x86_64-debian-gcc | 1.3.3 | 3.25 | 58.64 | 61.89 | OK | |
r-devel-linux-x86_64-fedora-clang | 1.3.3 | 159.48 | OK | |||
r-devel-linux-x86_64-fedora-gcc | 1.3.3 | 154.69 | OK | |||
r-devel-windows-x86_64 | 1.3.3 | 7.00 | 105.00 | 112.00 | OK | |
r-patched-linux-x86_64 | 1.3.3 | 5.20 | 83.26 | 88.46 | NOTE | |
r-release-linux-x86_64 | 1.3.3 | 5.13 | 83.58 | 88.71 | NOTE | |
r-release-macos-arm64 | 1.3.3 | 42.00 | NOTE | |||
r-release-macos-x86_64 | 1.3.3 | 100.00 | NOTE | |||
r-release-windows-x86_64 | 1.3.3 | 8.00 | 104.00 | 112.00 | NOTE | |
r-oldrel-macos-arm64 | 1.3.3 | 49.00 | NOTE | |||
r-oldrel-macos-x86_64 | 1.3.3 | 105.00 | NOTE | |||
r-oldrel-windows-x86_64 | 1.3.3 | 7.00 | 127.00 | 134.00 | NOTE |
Version: 1.3.3
Check: LazyData
Result: NOTE
'LazyData' is specified without a 'data' directory
Flavors: r-patched-linux-x86_64, r-release-linux-x86_64, r-release-macos-arm64, r-release-macos-x86_64, r-release-windows-x86_64, r-oldrel-macos-arm64, r-oldrel-macos-x86_64, r-oldrel-windows-x86_64