CRAN Package Check Results for Package metools

Last updated on 2025-02-11 03:50:15 CET.

Flavor Version Tinstall Tcheck Ttotal Status Flags
r-devel-linux-x86_64-debian-clang 1.0.0 3.74 42.22 45.96 OK
r-devel-linux-x86_64-debian-gcc 1.0.0 2.68 28.82 31.50 OK
r-devel-linux-x86_64-fedora-clang 1.0.0 76.00 OK
r-devel-linux-x86_64-fedora-gcc 1.0.0 67.33 OK
r-devel-windows-x86_64 1.0.0 6.00 66.00 72.00 OK
r-patched-linux-x86_64 1.0.0 4.70 39.49 44.19 NOTE
r-release-linux-x86_64 1.0.0 3.97 39.66 43.63 NOTE
r-release-macos-arm64 1.0.0 24.00 NOTE
r-release-macos-x86_64 1.0.0 43.00 NOTE
r-release-windows-x86_64 1.0.0 7.00 66.00 73.00 NOTE
r-oldrel-macos-arm64 1.0.0 25.00 NOTE
r-oldrel-macos-x86_64 1.0.0 37.00 NOTE
r-oldrel-windows-x86_64 1.0.0 4.00 78.00 82.00 NOTE

Check Details

Version: 1.0.0
Check: LazyData
Result: NOTE 'LazyData' is specified without a 'data' directory Flavors: r-patched-linux-x86_64, r-release-linux-x86_64, r-release-macos-arm64, r-release-macos-x86_64, r-release-windows-x86_64, r-oldrel-macos-arm64, r-oldrel-macos-x86_64, r-oldrel-windows-x86_64