Last updated on 2025-02-04 05:50:24 CET.
Flavor | Version | Tinstall | Tcheck | Ttotal | Status | Flags |
---|---|---|---|---|---|---|
r-devel-linux-x86_64-debian-clang | 0.1.6 | 5.64 | 89.65 | 95.29 | NOTE | |
r-devel-linux-x86_64-debian-gcc | 0.1.6 | 3.81 | 58.43 | 62.24 | NOTE | |
r-devel-linux-x86_64-fedora-clang | 0.1.6 | 167.48 | NOTE | |||
r-devel-linux-x86_64-fedora-gcc | 0.1.6 | 144.84 | NOTE | |||
r-devel-windows-x86_64 | 0.1.6 | 8.00 | 117.00 | 125.00 | NOTE | |
r-patched-linux-x86_64 | 0.1.6 | 4.08 | 81.36 | 85.44 | OK | |
r-release-linux-x86_64 | 0.1.6 | 4.66 | 84.36 | 89.02 | OK | |
r-release-macos-arm64 | 0.1.6 | 45.00 | OK | |||
r-release-macos-x86_64 | 0.1.6 | 132.00 | OK | |||
r-release-windows-x86_64 | 0.1.6 | 8.00 | 106.00 | 114.00 | OK | |
r-oldrel-macos-arm64 | 0.1.6 | 51.00 | OK | |||
r-oldrel-macos-x86_64 | 0.1.6 | 108.00 | OK | |||
r-oldrel-windows-x86_64 | 0.1.6 | 10.00 | 123.00 | 133.00 | OK |
Version: 0.1.6
Check: DESCRIPTION meta-information
Result: NOTE
Missing dependency on R >= 4.1.0 because package code uses the pipe
|> or function shorthand \(...) syntax added in R 4.1.0.
File(s) using such syntax:
‘build.R’
Flavors: r-devel-linux-x86_64-debian-clang, r-devel-linux-x86_64-debian-gcc, r-devel-linux-x86_64-fedora-clang, r-devel-linux-x86_64-fedora-gcc, r-devel-windows-x86_64