Last updated on 2025-02-04 05:50:24 CET.
Flavor | Version | Tinstall | Tcheck | Ttotal | Status | Flags |
---|---|---|---|---|---|---|
r-devel-linux-x86_64-debian-clang | 0.3.0 | 3.15 | 31.18 | 34.33 | OK | |
r-devel-linux-x86_64-debian-gcc | 0.3.0 | 2.14 | 23.07 | 25.21 | OK | |
r-devel-linux-x86_64-fedora-clang | 0.3.0 | 56.04 | NOTE | |||
r-devel-linux-x86_64-fedora-gcc | 0.3.0 | 52.04 | NOTE | |||
r-devel-windows-x86_64 | 0.3.0 | 4.00 | 51.00 | 55.00 | OK | |
r-patched-linux-x86_64 | 0.3.0 | 3.42 | 29.67 | 33.09 | OK | |
r-release-linux-x86_64 | 0.3.0 | 2.93 | 30.14 | 33.07 | OK | |
r-release-macos-arm64 | 0.3.0 | 22.00 | OK | |||
r-release-macos-x86_64 | 0.3.0 | 31.00 | OK | |||
r-release-windows-x86_64 | 0.3.0 | 4.00 | 51.00 | 55.00 | OK | |
r-oldrel-macos-arm64 | 0.3.0 | 24.00 | OK | |||
r-oldrel-macos-x86_64 | 0.3.0 | 32.00 | OK | |||
r-oldrel-windows-x86_64 | 0.3.0 | 5.00 | 57.00 | 62.00 | OK |
Version: 0.3.0
Check: dependencies in R code
Result: NOTE
Namespace in Imports field not imported from: ‘progress’
All declared Imports should be used.
Flavors: r-devel-linux-x86_64-fedora-clang, r-devel-linux-x86_64-fedora-gcc