Last updated on 2024-08-17 05:49:27 CEST.
Flavor | Version | Tinstall | Tcheck | Ttotal | Status | Flags |
---|---|---|---|---|---|---|
r-devel-linux-x86_64-debian-clang | 2.0.0 | 4.84 | 50.31 | 55.15 | NOTE | |
r-devel-linux-x86_64-debian-gcc | 2.0.0 | 3.52 | 32.22 | 35.74 | NOTE | |
r-devel-linux-x86_64-fedora-clang | 2.0.0 | 89.26 | NOTE | |||
r-devel-linux-x86_64-fedora-gcc | 2.0.0 | 84.03 | NOTE | |||
r-devel-windows-x86_64 | 2.0.0 | 7.00 | 62.00 | 69.00 | NOTE | |
r-patched-linux-x86_64 | 2.0.0 | 5.46 | 47.64 | 53.10 | NOTE | |
r-release-linux-x86_64 | 2.0.0 | 4.19 | 46.75 | 50.94 | NOTE | |
r-release-macos-arm64 | 2.0.0 | 23.00 | NOTE | |||
r-release-macos-x86_64 | 2.0.0 | 37.00 | NOTE | |||
r-release-windows-x86_64 | 2.0.0 | 6.00 | 60.00 | 66.00 | NOTE | |
r-oldrel-macos-arm64 | 2.0.0 | 28.00 | NOTE | |||
r-oldrel-macos-x86_64 | 2.0.0 | 42.00 | NOTE | |||
r-oldrel-windows-x86_64 | 2.0.0 | 6.00 | 76.00 | 82.00 | NOTE |
Version: 2.0.0
Check: LazyData
Result: NOTE
'LazyData' is specified without a 'data' directory
Flavors: r-devel-linux-x86_64-debian-clang, r-devel-linux-x86_64-debian-gcc, r-devel-linux-x86_64-fedora-clang, r-devel-linux-x86_64-fedora-gcc, r-devel-windows-x86_64, r-patched-linux-x86_64, r-release-linux-x86_64, r-release-macos-arm64, r-release-macos-x86_64, r-release-windows-x86_64, r-oldrel-macos-arm64, r-oldrel-macos-x86_64, r-oldrel-windows-x86_64