Last updated on 2024-08-17 05:49:27 CEST.
Flavor | Version | Tinstall | Tcheck | Ttotal | Status | Flags |
---|---|---|---|---|---|---|
r-devel-linux-x86_64-debian-clang | 0.3.7 | 34.60 | 164.05 | 198.65 | NOTE | |
r-devel-linux-x86_64-debian-gcc | 0.3.7 | 22.91 | 108.13 | 131.04 | NOTE | |
r-devel-linux-x86_64-fedora-clang | 0.3.7 | 325.38 | NOTE | |||
r-devel-linux-x86_64-fedora-gcc | 0.3.7 | 319.20 | NOTE | |||
r-devel-windows-x86_64 | 0.3.7 | 38.00 | 217.00 | 255.00 | NOTE | |
r-patched-linux-x86_64 | 0.3.7 | 44.70 | 153.95 | 198.65 | OK | |
r-release-linux-x86_64 | 0.3.7 | 32.36 | 156.23 | 188.59 | OK | |
r-release-macos-arm64 | 0.3.7 | 91.00 | OK | |||
r-release-macos-x86_64 | 0.3.7 | 127.00 | OK | |||
r-release-windows-x86_64 | 0.3.7 | 37.00 | 210.00 | 247.00 | OK | |
r-oldrel-macos-arm64 | 0.3.7 | 103.00 | NOTE | |||
r-oldrel-macos-x86_64 | 0.3.7 | 182.00 | NOTE | |||
r-oldrel-windows-x86_64 | 0.3.7 | 50.00 | 264.00 | 314.00 | OK |
Version: 0.3.7
Check: Rd cross-references
Result: NOTE
Found the following Rd file(s) with Rd \link{} targets missing package
anchors:
as_phyloseq.Rd: ape
heat_tree.Rd: igraph
Please provide package anchors for all Rd \link{} targets not in the
package itself and the base packages.
Flavors: r-devel-linux-x86_64-debian-clang, r-devel-linux-x86_64-debian-gcc, r-devel-windows-x86_64
Version: 0.3.7
Check: dependencies in R code
Result: NOTE
Namespace in Imports field not imported from: ‘R6’
All declared Imports should be used.
Flavors: r-devel-linux-x86_64-fedora-clang, r-devel-linux-x86_64-fedora-gcc
Version: 0.3.7
Check: package dependencies
Result: NOTE
Packages suggested but not available for checking: 'phyloseq', 'biomformat'
Flavors: r-oldrel-macos-arm64, r-oldrel-macos-x86_64