Last updated on 2024-08-18 04:48:16 CEST.
Flavor | Version | Tinstall | Tcheck | Ttotal | Status | Flags |
---|---|---|---|---|---|---|
r-devel-linux-x86_64-debian-clang | 0.6.9 | 860.58 | 255.51 | 1116.09 | OK | |
r-devel-linux-x86_64-debian-gcc | 0.6.9 | 809.54 | 238.13 | 1047.67 | OK | |
r-devel-linux-x86_64-fedora-clang | 0.6.9 | 1746.31 | NOTE | |||
r-devel-linux-x86_64-fedora-gcc | 0.6.9 | 2534.94 | NOTE | |||
r-devel-windows-x86_64 | 0.6.9 | 828.00 | 313.00 | 1141.00 | NOTE | |
r-patched-linux-x86_64 | 0.6.9 | 1024.93 | 309.98 | 1334.91 | OK | |
r-release-linux-x86_64 | 0.6.9 | 1025.99 | 332.19 | 1358.18 | OK | |
r-release-macos-arm64 | 0.6.9 | 430.00 | NOTE | |||
r-release-macos-x86_64 | 0.6.9 | 413.00 | NOTE | |||
r-release-windows-x86_64 | 0.6.9 | 825.00 | 313.00 | 1138.00 | NOTE | |
r-oldrel-macos-arm64 | 0.6.9 | 610.00 | NOTE | |||
r-oldrel-macos-x86_64 | 0.6.9 | 822.00 | NOTE | |||
r-oldrel-windows-x86_64 | 0.6.9 | 1089.00 | 405.00 | 1494.00 | NOTE |
Version: 0.6.9
Check: installed package size
Result: NOTE
installed size is 9.9Mb
sub-directories of 1Mb or more:
libs 9.0Mb
Flavors: r-devel-linux-x86_64-fedora-clang, r-devel-windows-x86_64, r-release-macos-arm64, r-release-macos-x86_64, r-release-windows-x86_64, r-oldrel-macos-arm64, r-oldrel-macos-x86_64, r-oldrel-windows-x86_64
Version: 0.6.9
Check: for GNU extensions in Makefiles
Result: NOTE
GNU make is a SystemRequirements.
Flavors: r-devel-linux-x86_64-fedora-clang, r-devel-linux-x86_64-fedora-gcc, r-release-macos-arm64, r-release-macos-x86_64, r-oldrel-macos-arm64, r-oldrel-macos-x86_64