Last updated on 2025-02-04 05:50:24 CET.
Flavor | Version | Tinstall | Tcheck | Ttotal | Status | Flags |
---|---|---|---|---|---|---|
r-devel-linux-x86_64-debian-clang | 1.0 | 5.75 | 44.74 | 50.49 | OK | |
r-devel-linux-x86_64-debian-gcc | 1.0 | 3.53 | 32.13 | 35.66 | OK | |
r-devel-linux-x86_64-fedora-clang | 1.0 | 81.27 | NOTE | |||
r-devel-linux-x86_64-fedora-gcc | 1.0 | 85.77 | NOTE | |||
r-devel-windows-x86_64 | 1.0 | 7.00 | 64.00 | 71.00 | OK | |
r-patched-linux-x86_64 | 1.0 | 5.66 | 40.20 | 45.86 | OK | |
r-release-linux-x86_64 | 1.0 | 4.87 | 39.62 | 44.49 | OK | |
r-release-macos-arm64 | 1.0 | 32.00 | OK | |||
r-release-macos-x86_64 | 1.0 | 70.00 | OK | |||
r-release-windows-x86_64 | 1.0 | 8.00 | 64.00 | 72.00 | OK | |
r-oldrel-macos-arm64 | 1.0 | 33.00 | OK | |||
r-oldrel-macos-x86_64 | 1.0 | 47.00 | OK | |||
r-oldrel-windows-x86_64 | 1.0 | 8.00 | 71.00 | 79.00 | OK |
Version: 1.0
Check: dependencies in R code
Result: NOTE
Namespace in Imports field not imported from: ‘gt’
All declared Imports should be used.
Flavors: r-devel-linux-x86_64-fedora-clang, r-devel-linux-x86_64-fedora-gcc