Last updated on 2024-08-17 05:49:27 CEST.
Flavor | Version | Tinstall | Tcheck | Ttotal | Status | Flags |
---|---|---|---|---|---|---|
r-devel-linux-x86_64-debian-clang | 1.0.0 | 15.28 | 115.97 | 131.25 | NOTE | |
r-devel-linux-x86_64-debian-gcc | 1.0.0 | 10.04 | 81.87 | 91.91 | NOTE | |
r-devel-linux-x86_64-fedora-clang | 1.0.0 | 208.45 | NOTE | |||
r-devel-linux-x86_64-fedora-gcc | 1.0.0 | 207.43 | NOTE | |||
r-devel-windows-x86_64 | 1.0.0 | 16.00 | 118.00 | 134.00 | NOTE | |
r-patched-linux-x86_64 | 1.0.0 | 13.89 | 107.89 | 121.78 | NOTE | |
r-release-linux-x86_64 | 1.0.0 | 12.72 | 106.86 | 119.58 | NOTE | |
r-release-macos-arm64 | 1.0.0 | 65.00 | NOTE | |||
r-release-macos-x86_64 | 1.0.0 | 117.00 | NOTE | |||
r-release-windows-x86_64 | 1.0.0 | 15.00 | 116.00 | 131.00 | NOTE | |
r-oldrel-macos-arm64 | 1.0.0 | 72.00 | NOTE | |||
r-oldrel-macos-x86_64 | 1.0.0 | 110.00 | NOTE | |||
r-oldrel-windows-x86_64 | 1.0.0 | 20.00 | 144.00 | 164.00 | NOTE |
Version: 1.0.0
Check: package subdirectories
Result: NOTE
Problems with news in ‘NEWS.md’:
No news entries found.
Flavors: r-devel-linux-x86_64-debian-clang, r-devel-linux-x86_64-debian-gcc, r-devel-linux-x86_64-fedora-clang, r-devel-linux-x86_64-fedora-gcc, r-devel-windows-x86_64, r-patched-linux-x86_64, r-release-linux-x86_64, r-release-macos-arm64, r-release-macos-x86_64, r-release-windows-x86_64, r-oldrel-macos-arm64, r-oldrel-macos-x86_64, r-oldrel-windows-x86_64