CRAN Package Check Results for Package measures

Last updated on 2025-02-11 03:50:14 CET.

Flavor Version Tinstall Tcheck Ttotal Status Flags
r-devel-linux-x86_64-debian-clang 0.3 2.18 23.45 25.63 OK
r-devel-linux-x86_64-debian-gcc 0.3 1.74 18.82 20.56 OK
r-devel-linux-x86_64-fedora-clang 0.3 44.72 OK
r-devel-linux-x86_64-fedora-gcc 0.3 39.94 OK
r-devel-windows-x86_64 0.3 3.00 55.00 58.00 OK
r-patched-linux-x86_64 0.3 2.64 22.49 25.13 NOTE
r-release-linux-x86_64 0.3 2.00 22.45 24.45 NOTE
r-release-macos-arm64 0.3 16.00 NOTE
r-release-macos-x86_64 0.3 24.00 NOTE
r-release-windows-x86_64 0.3 6.00 55.00 61.00 NOTE
r-oldrel-macos-arm64 0.3 19.00 NOTE
r-oldrel-macos-x86_64 0.3 24.00 NOTE
r-oldrel-windows-x86_64 0.3 3.00 59.00 62.00 NOTE

Check Details

Version: 0.3
Check: LazyData
Result: NOTE 'LazyData' is specified without a 'data' directory Flavors: r-patched-linux-x86_64, r-release-linux-x86_64, r-release-macos-arm64, r-release-macos-x86_64, r-release-windows-x86_64, r-oldrel-macos-arm64, r-oldrel-macos-x86_64, r-oldrel-windows-x86_64