Last updated on 2024-08-18 04:48:16 CEST.
Flavor | Version | Tinstall | Tcheck | Ttotal | Status | Flags |
---|---|---|---|---|---|---|
r-devel-linux-x86_64-debian-clang | 2.2.1 | 21.59 | 60.15 | 81.74 | NOTE | |
r-devel-linux-x86_64-debian-gcc | 2.2.1 | 15.03 | 45.38 | 60.41 | NOTE | |
r-devel-linux-x86_64-fedora-clang | 2.2.1 | 173.46 | OK | |||
r-devel-linux-x86_64-fedora-gcc | 2.2.1 | 153.70 | OK | |||
r-devel-windows-x86_64 | 2.2.1 | 28.00 | 82.00 | 110.00 | NOTE | |
r-patched-linux-x86_64 | 2.2.1 | 21.47 | 59.63 | 81.10 | OK | |
r-release-linux-x86_64 | 2.2.1 | 21.04 | 57.76 | 78.80 | OK | |
r-release-macos-arm64 | 2.2.1 | 37.00 | OK | |||
r-release-macos-x86_64 | 2.2.1 | 52.00 | OK | |||
r-release-windows-x86_64 | 2.2.1 | 28.00 | 80.00 | 108.00 | OK | |
r-oldrel-macos-arm64 | 2.2.1 | 45.00 | OK | |||
r-oldrel-macos-x86_64 | 2.2.1 | 83.00 | OK | |||
r-oldrel-windows-x86_64 | 2.2.1 | 29.00 | 91.00 | 120.00 | OK |
Version: 2.2.1
Check: Rd cross-references
Result: NOTE
Found the following Rd file(s) with Rd \link{} targets missing package
anchors:
linkage.Rd: agnes
Please provide package anchors for all Rd \link{} targets not in the
package itself and the base packages.
Flavors: r-devel-linux-x86_64-debian-clang, r-devel-linux-x86_64-debian-gcc, r-devel-windows-x86_64